Last updated on 2022-08-15 08:50:08 CEST.
Flavor | Version | Tinstall | Tcheck | Ttotal | Status | Flags |
---|---|---|---|---|---|---|
r-devel-linux-x86_64-debian-clang | 1.1.1 | 6.80 | 52.13 | 58.93 | OK | |
r-devel-linux-x86_64-debian-gcc | 1.1.1 | 6.30 | 40.11 | 46.41 | OK | |
r-devel-linux-x86_64-fedora-clang | 1.1.1 | 81.55 | NOTE | |||
r-devel-linux-x86_64-fedora-gcc | 1.1.1 | 83.23 | OK | |||
r-devel-windows-x86_64 | 1.1.1 | 54.00 | 81.00 | 135.00 | NOTE | |
r-patched-linux-x86_64 | 1.1.1 | 8.05 | 50.61 | 58.66 | OK | |
r-release-linux-x86_64 | 1.1.1 | 7.60 | 49.99 | 57.59 | OK | |
r-release-macos-arm64 | 1.1.1 | 24.00 | NOTE | |||
r-release-macos-x86_64 | 1.1.1 | 51.00 | NOTE | |||
r-release-windows-x86_64 | 1.1.1 | 72.00 | 82.00 | 154.00 | NOTE | |
r-oldrel-macos-arm64 | 1.1.1 | 23.00 | NOTE | |||
r-oldrel-macos-x86_64 | 1.1.1 | 38.00 | NOTE | |||
r-oldrel-windows-ix86+x86_64 | 1.1.1 | 18.00 | 80.00 | 98.00 | NOTE |
Version: 1.1.1
Check: installed package size
Result: NOTE
installed size is 20.6Mb
sub-directories of 1Mb or more:
www 19.7Mb
Flavors: r-devel-linux-x86_64-fedora-clang, r-devel-windows-x86_64, r-release-macos-arm64, r-release-macos-x86_64, r-release-windows-x86_64, r-oldrel-macos-arm64, r-oldrel-macos-x86_64, r-oldrel-windows-ix86+x86_64