Last updated on 2022-08-15 08:50:08 CEST.
Flavor | Version | Tinstall | Tcheck | Ttotal | Status | Flags |
---|---|---|---|---|---|---|
r-devel-linux-x86_64-debian-clang | 0.2.0 | 10.36 | 79.55 | 89.91 | NOTE | |
r-devel-linux-x86_64-debian-gcc | 0.2.0 | 7.08 | 58.08 | 65.16 | NOTE | |
r-devel-linux-x86_64-fedora-clang | 0.2.0 | 111.52 | NOTE | |||
r-devel-linux-x86_64-fedora-gcc | 0.2.0 | 119.23 | NOTE | |||
r-devel-windows-x86_64 | 0.2.0 | 13.00 | 99.00 | 112.00 | NOTE | |
r-patched-linux-x86_64 | 0.2.0 | 9.06 | 74.82 | 83.88 | NOTE | |
r-release-linux-x86_64 | 0.2.0 | 6.09 | 75.95 | 82.04 | NOTE | |
r-release-macos-arm64 | 0.2.0 | 32.00 | NOTE | |||
r-release-macos-x86_64 | 0.2.0 | 56.00 | NOTE | |||
r-release-windows-x86_64 | 0.2.0 | 15.00 | 111.00 | 126.00 | NOTE | |
r-oldrel-macos-arm64 | 0.2.0 | 40.00 | NOTE | |||
r-oldrel-macos-x86_64 | 0.2.0 | 60.00 | NOTE | |||
r-oldrel-windows-ix86+x86_64 | 0.2.0 | 24.00 | 101.00 | 125.00 | NOTE |
Version: 0.2.0
Check: LazyData
Result: NOTE
'LazyData' is specified without a 'data' directory
Flavors: r-devel-linux-x86_64-debian-clang, r-devel-linux-x86_64-debian-gcc, r-devel-linux-x86_64-fedora-clang, r-devel-linux-x86_64-fedora-gcc, r-devel-windows-x86_64, r-patched-linux-x86_64, r-release-linux-x86_64, r-release-macos-arm64, r-release-macos-x86_64, r-release-windows-x86_64, r-oldrel-macos-arm64, r-oldrel-macos-x86_64, r-oldrel-windows-ix86+x86_64