Last updated on 2022-08-15 08:50:08 CEST.
Flavor | Version | Tinstall | Tcheck | Ttotal | Status | Flags |
---|---|---|---|---|---|---|
r-devel-linux-x86_64-debian-clang | 1.0.5 | 2.30 | 22.49 | 24.79 | NOTE | |
r-devel-linux-x86_64-debian-gcc | 1.0.5 | 1.59 | 17.57 | 19.16 | NOTE | |
r-devel-linux-x86_64-fedora-clang | 1.0.5 | 40.51 | NOTE | |||
r-devel-linux-x86_64-fedora-gcc | 1.0.5 | 41.11 | NOTE | |||
r-devel-windows-x86_64 | 1.0.5 | 7.00 | 47.00 | 54.00 | NOTE | |
r-patched-linux-x86_64 | 1.0.5 | 2.43 | 21.62 | 24.05 | NOTE | |
r-release-linux-x86_64 | 1.0.5 | 1.96 | 21.83 | 23.79 | NOTE | |
r-release-macos-arm64 | 1.0.5 | 16.00 | NOTE | |||
r-release-macos-x86_64 | 1.0.5 | 23.00 | NOTE | |||
r-release-windows-x86_64 | 1.0.5 | 8.00 | 47.00 | 55.00 | NOTE | |
r-oldrel-macos-arm64 | 1.0.5 | 18.00 | NOTE | |||
r-oldrel-macos-x86_64 | 1.0.5 | 27.00 | NOTE | |||
r-oldrel-windows-ix86+x86_64 | 1.0.5 | 7.00 | 44.00 | 51.00 | NOTE |
Version: 1.0.5
Check: LazyData
Result: NOTE
'LazyData' is specified without a 'data' directory
Flavors: r-devel-linux-x86_64-debian-clang, r-devel-linux-x86_64-debian-gcc, r-devel-linux-x86_64-fedora-clang, r-devel-linux-x86_64-fedora-gcc, r-devel-windows-x86_64, r-patched-linux-x86_64, r-release-linux-x86_64, r-release-macos-arm64, r-release-macos-x86_64, r-release-windows-x86_64, r-oldrel-macos-arm64, r-oldrel-macos-x86_64, r-oldrel-windows-ix86+x86_64
Version: 1.0.5
Check: dependencies in R code
Result: NOTE
Namespaces in Imports field not imported from:
‘KGode’ ‘XML’ ‘ggplot2’ ‘gridExtra’ ‘mvtnorm’ ‘reshape2’ ‘shinyjs’
All declared Imports should be used.
Flavors: r-devel-linux-x86_64-fedora-clang, r-devel-linux-x86_64-fedora-gcc, r-release-macos-arm64, r-release-macos-x86_64, r-oldrel-macos-arm64, r-oldrel-macos-x86_64