Last updated on 2022-08-15 08:50:08 CEST.
Flavor | Version | Tinstall | Tcheck | Ttotal | Status | Flags |
---|---|---|---|---|---|---|
r-devel-linux-x86_64-debian-clang | 1.1.0 | 5.52 | 37.50 | 43.02 | NOTE | |
r-devel-linux-x86_64-debian-gcc | 1.1.0 | 4.66 | 28.62 | 33.28 | NOTE | |
r-devel-linux-x86_64-fedora-clang | 1.1.0 | 59.83 | NOTE | |||
r-devel-linux-x86_64-fedora-gcc | 1.1.0 | 61.96 | NOTE | |||
r-devel-windows-x86_64 | 1.1.0 | 330.00 | 74.00 | 404.00 | NOTE | |
r-patched-linux-x86_64 | 1.1.0 | 4.93 | 35.89 | 40.82 | NOTE | |
r-release-linux-x86_64 | 1.1.0 | 4.79 | 36.07 | 40.86 | NOTE | |
r-release-macos-arm64 | 1.1.0 | 20.00 | NOTE | |||
r-release-macos-x86_64 | 1.1.0 | 39.00 | NOTE | |||
r-release-windows-x86_64 | 1.1.0 | 321.00 | 79.00 | 400.00 | NOTE | |
r-oldrel-macos-arm64 | 1.1.0 | 26.00 | NOTE | |||
r-oldrel-macos-x86_64 | 1.1.0 | 34.00 | NOTE | |||
r-oldrel-windows-ix86+x86_64 | 1.1.0 | 17.00 | 62.00 | 79.00 | NOTE |
Version: 1.1.0
Check: LazyData
Result: NOTE
'LazyData' is specified without a 'data' directory
Flavors: r-devel-linux-x86_64-debian-clang, r-devel-linux-x86_64-debian-gcc, r-devel-linux-x86_64-fedora-clang, r-devel-linux-x86_64-fedora-gcc, r-devel-windows-x86_64, r-patched-linux-x86_64, r-release-linux-x86_64, r-release-macos-arm64, r-release-macos-x86_64, r-release-windows-x86_64, r-oldrel-macos-arm64, r-oldrel-macos-x86_64, r-oldrel-windows-ix86+x86_64
Version: 1.1.0
Check: installed package size
Result: NOTE
installed size is 21.6Mb
sub-directories of 1Mb or more:
shinyApp 21.4Mb
Flavors: r-devel-linux-x86_64-fedora-clang, r-devel-windows-x86_64, r-release-macos-arm64, r-release-macos-x86_64, r-release-windows-x86_64, r-oldrel-macos-arm64, r-oldrel-macos-x86_64, r-oldrel-windows-ix86+x86_64