Last updated on 2022-08-15 08:50:08 CEST.
Flavor | Version | Tinstall | Tcheck | Ttotal | Status | Flags |
---|---|---|---|---|---|---|
r-devel-linux-x86_64-debian-clang | 1.0.0 | 4.09 | 39.98 | 44.07 | NOTE | |
r-devel-linux-x86_64-debian-gcc | 1.0.0 | 3.48 | 31.19 | 34.67 | NOTE | |
r-devel-linux-x86_64-fedora-clang | 1.0.0 | 63.48 | NOTE | |||
r-devel-linux-x86_64-fedora-gcc | 1.0.0 | 66.99 | NOTE | |||
r-devel-windows-x86_64 | 1.0.0 | 20.00 | 64.00 | 84.00 | NOTE | |
r-patched-linux-x86_64 | 1.0.0 | 3.52 | 39.19 | 42.71 | NOTE | |
r-release-linux-x86_64 | 1.0.0 | 3.21 | 39.10 | 42.31 | NOTE | |
r-release-macos-arm64 | 1.0.0 | 19.00 | NOTE | |||
r-release-macos-x86_64 | 1.0.0 | 39.00 | NOTE | |||
r-release-windows-x86_64 | 1.0.0 | 31.00 | 71.00 | 102.00 | NOTE | |
r-oldrel-macos-arm64 | 1.0.0 | 23.00 | NOTE | |||
r-oldrel-macos-x86_64 | 1.0.0 | 34.00 | NOTE | |||
r-oldrel-windows-ix86+x86_64 | 1.0.0 | 12.00 | 64.00 | 76.00 | NOTE |
Version: 1.0.0
Check: LazyData
Result: NOTE
'LazyData' is specified without a 'data' directory
Flavors: r-devel-linux-x86_64-debian-clang, r-devel-linux-x86_64-debian-gcc, r-devel-linux-x86_64-fedora-clang, r-devel-linux-x86_64-fedora-gcc, r-devel-windows-x86_64, r-patched-linux-x86_64, r-release-linux-x86_64, r-release-macos-arm64, r-release-macos-x86_64, r-release-windows-x86_64, r-oldrel-macos-arm64, r-oldrel-macos-x86_64, r-oldrel-windows-ix86+x86_64