Last updated on 2022-08-15 08:50:08 CEST.
Flavor | Version | Tinstall | Tcheck | Ttotal | Status | Flags |
---|---|---|---|---|---|---|
r-devel-linux-x86_64-debian-clang | 1.0.0 | 3.73 | 31.65 | 35.38 | OK | |
r-devel-linux-x86_64-debian-gcc | 1.0.0 | 2.40 | 24.60 | 27.00 | OK | |
r-devel-linux-x86_64-fedora-clang | 1.0.0 | 52.87 | NOTE | |||
r-devel-linux-x86_64-fedora-gcc | 1.0.0 | 53.66 | NOTE | |||
r-devel-windows-x86_64 | 1.0.0 | 38.00 | 57.00 | 95.00 | OK | |
r-patched-linux-x86_64 | 1.0.0 | 3.32 | 30.69 | 34.01 | OK | |
r-release-linux-x86_64 | 1.0.0 | 3.49 | 30.96 | 34.45 | OK | |
r-release-macos-arm64 | 1.0.0 | 16.00 | NOTE | |||
r-release-macos-x86_64 | 1.0.0 | 33.00 | NOTE | |||
r-release-windows-x86_64 | 1.0.0 | 48.00 | 59.00 | 107.00 | OK | |
r-oldrel-macos-arm64 | 1.0.0 | 26.00 | NOTE | |||
r-oldrel-macos-x86_64 | 1.0.0 | 24.00 | NOTE | |||
r-oldrel-windows-ix86+x86_64 | 1.0.0 | 9.00 | 56.00 | 65.00 | OK |
Version: 1.0.0
Check: dependencies in R code
Result: NOTE
Namespace in Imports field not imported from: ‘shiny’
All declared Imports should be used.
Flavors: r-devel-linux-x86_64-fedora-clang, r-devel-linux-x86_64-fedora-gcc, r-release-macos-arm64, r-release-macos-x86_64, r-oldrel-macos-arm64, r-oldrel-macos-x86_64