Last updated on 2022-08-15 08:50:08 CEST.
Flavor | Version | Tinstall | Tcheck | Ttotal | Status | Flags |
---|---|---|---|---|---|---|
r-devel-linux-x86_64-debian-clang | 0.1.0 | 1.37 | 21.80 | 23.17 | NOTE | |
r-devel-linux-x86_64-debian-gcc | 0.1.0 | 1.51 | 16.92 | 18.43 | NOTE | |
r-devel-linux-x86_64-fedora-clang | 0.1.0 | 40.04 | NOTE | |||
r-devel-linux-x86_64-fedora-gcc | 0.1.0 | 52.10 | NOTE | |||
r-devel-windows-x86_64 | 0.1.0 | 15.00 | 46.00 | 61.00 | NOTE | |
r-patched-linux-x86_64 | 0.1.0 | 1.80 | 21.25 | 23.05 | NOTE | |
r-release-linux-x86_64 | 0.1.0 | 1.82 | 21.27 | 23.09 | NOTE | |
r-release-macos-arm64 | 0.1.0 | 23.00 | NOTE | |||
r-release-macos-x86_64 | 0.1.0 | 26.00 | NOTE | |||
r-release-windows-x86_64 | 0.1.0 | 12.00 | 47.00 | 59.00 | NOTE | |
r-oldrel-macos-arm64 | 0.1.0 | 34.00 | NOTE | |||
r-oldrel-macos-x86_64 | 0.1.0 | 44.00 | NOTE | |||
r-oldrel-windows-ix86+x86_64 | 0.1.0 | 4.00 | 43.00 | 47.00 | NOTE |
Version: 0.1.0
Check: LazyData
Result: NOTE
'LazyData' is specified without a 'data' directory
Flavors: r-devel-linux-x86_64-debian-clang, r-devel-linux-x86_64-debian-gcc, r-devel-linux-x86_64-fedora-clang, r-devel-linux-x86_64-fedora-gcc, r-devel-windows-x86_64, r-patched-linux-x86_64, r-release-linux-x86_64, r-release-macos-arm64, r-release-macos-x86_64, r-release-windows-x86_64, r-oldrel-macos-arm64, r-oldrel-macos-x86_64, r-oldrel-windows-ix86+x86_64
Version: 0.1.0
Check: for non-standard things in the check directory
Result: NOTE
Found the following files/directories:
'.shiny_run' 'shinyShortcut.desktop'
Flavors: r-devel-linux-x86_64-debian-clang, r-devel-linux-x86_64-debian-gcc, r-devel-linux-x86_64-fedora-clang, r-devel-linux-x86_64-fedora-gcc, r-patched-linux-x86_64, r-release-linux-x86_64