Last updated on 2022-08-15 08:50:08 CEST.
Flavor | Version | Tinstall | Tcheck | Ttotal | Status | Flags |
---|---|---|---|---|---|---|
r-devel-linux-x86_64-debian-clang | 1.8.0 | 2.27 | 30.85 | 33.12 | NOTE | |
r-devel-linux-x86_64-debian-gcc | 1.8.0 | 2.07 | 23.65 | 25.72 | NOTE | |
r-devel-linux-x86_64-fedora-clang | 1.8.0 | 51.21 | NOTE | |||
r-devel-linux-x86_64-fedora-gcc | 1.8.0 | 52.65 | NOTE | |||
r-devel-windows-x86_64 | 1.8.0 | 425.00 | 58.00 | 483.00 | NOTE | |
r-patched-linux-x86_64 | 1.8.0 | 2.13 | 29.07 | 31.20 | NOTE | |
r-release-linux-x86_64 | 1.8.0 | 2.79 | 29.19 | 31.98 | NOTE | |
r-release-macos-arm64 | 1.8.0 | 20.00 | NOTE | |||
r-release-macos-x86_64 | 1.8.0 | 25.00 | NOTE | |||
r-release-windows-x86_64 | 1.8.0 | 415.00 | 56.00 | 471.00 | NOTE | |
r-oldrel-macos-arm64 | 1.8.0 | 18.00 | NOTE | |||
r-oldrel-macos-x86_64 | 1.8.0 | 24.00 | NOTE | |||
r-oldrel-windows-ix86+x86_64 | 1.8.0 | 10.00 | 50.00 | 60.00 | NOTE |
Version: 1.8.0
Check: package dependencies
Result: NOTE
Package suggested but not available for checking: 'cmdstanr'
Flavors: r-devel-linux-x86_64-debian-clang, r-devel-linux-x86_64-debian-gcc, r-devel-linux-x86_64-fedora-clang, r-devel-linux-x86_64-fedora-gcc, r-devel-windows-x86_64, r-patched-linux-x86_64, r-release-linux-x86_64, r-release-macos-arm64, r-release-macos-x86_64, r-release-windows-x86_64, r-oldrel-macos-arm64, r-oldrel-macos-x86_64, r-oldrel-windows-ix86+x86_64