Last updated on 2022-08-15 08:50:08 CEST.
Flavor | Version | Tinstall | Tcheck | Ttotal | Status | Flags |
---|---|---|---|---|---|---|
r-devel-linux-x86_64-debian-clang | 0.3.2 | 2.05 | 22.51 | 24.56 | OK | |
r-devel-linux-x86_64-debian-gcc | 0.3.2 | 1.69 | 17.44 | 19.13 | OK | |
r-devel-linux-x86_64-fedora-clang | 0.3.2 | 40.59 | NOTE | |||
r-devel-linux-x86_64-fedora-gcc | 0.3.2 | 40.86 | NOTE | |||
r-devel-windows-x86_64 | 0.3.2 | 19.00 | 46.00 | 65.00 | OK | |
r-patched-linux-x86_64 | 0.3.2 | 1.83 | 21.83 | 23.66 | OK | |
r-release-linux-x86_64 | 0.3.2 | 1.76 | 21.91 | 23.67 | OK | |
r-release-macos-arm64 | 0.3.2 | 14.00 | NOTE | |||
r-release-macos-x86_64 | 0.3.2 | 28.00 | NOTE | |||
r-release-windows-x86_64 | 0.3.2 | 21.00 | 47.00 | 68.00 | OK | |
r-oldrel-macos-arm64 | 0.3.2 | 18.00 | NOTE | |||
r-oldrel-macos-x86_64 | 0.3.2 | 26.00 | NOTE | |||
r-oldrel-windows-ix86+x86_64 | 0.3.2 | 7.00 | 46.00 | 53.00 | OK |
Version: 0.3.2
Check: dependencies in R code
Result: NOTE
Namespace in Imports field not imported from: ‘markdown’
All declared Imports should be used.
Flavors: r-devel-linux-x86_64-fedora-clang, r-devel-linux-x86_64-fedora-gcc, r-release-macos-arm64, r-release-macos-x86_64, r-oldrel-macos-arm64, r-oldrel-macos-x86_64