Last updated on 2022-08-15 08:50:08 CEST.
Flavor | Version | Tinstall | Tcheck | Ttotal | Status | Flags |
---|---|---|---|---|---|---|
r-devel-linux-x86_64-debian-clang | 0.5.0 | 3.01 | 29.80 | 32.81 | NOTE | |
r-devel-linux-x86_64-debian-gcc | 0.5.0 | 2.42 | 23.34 | 25.76 | NOTE | |
r-devel-linux-x86_64-fedora-clang | 0.5.0 | 50.47 | NOTE | |||
r-devel-linux-x86_64-fedora-gcc | 0.5.0 | 51.95 | NOTE | |||
r-devel-windows-x86_64 | 0.5.0 | 19.00 | 54.00 | 73.00 | NOTE | |
r-patched-linux-x86_64 | 0.5.0 | 2.66 | 29.44 | 32.10 | NOTE | |
r-release-linux-x86_64 | 0.5.0 | 2.50 | 29.01 | 31.51 | NOTE | |
r-release-macos-arm64 | 0.5.0 | 18.00 | NOTE | |||
r-release-macos-x86_64 | 0.5.0 | 33.00 | NOTE | |||
r-release-windows-x86_64 | 0.5.0 | 21.00 | 55.00 | 76.00 | NOTE | |
r-oldrel-macos-arm64 | 0.5.0 | 18.00 | NOTE | |||
r-oldrel-macos-x86_64 | 0.5.0 | 27.00 | NOTE | |||
r-oldrel-windows-ix86+x86_64 | 0.5.0 | 8.00 | 8.00 | 16.00 | ERROR |
Version: 0.5.0
Check: package subdirectories
Result: NOTE
Problems with news in 'NEWS.md':
No news entries found.
Flavors: r-devel-linux-x86_64-debian-clang, r-devel-linux-x86_64-debian-gcc, r-devel-linux-x86_64-fedora-clang, r-devel-linux-x86_64-fedora-gcc, r-devel-windows-x86_64
Version: 0.5.0
Check: LazyData
Result: NOTE
'LazyData' is specified without a 'data' directory
Flavors: r-devel-linux-x86_64-debian-clang, r-devel-linux-x86_64-debian-gcc, r-devel-linux-x86_64-fedora-clang, r-devel-linux-x86_64-fedora-gcc, r-devel-windows-x86_64, r-patched-linux-x86_64, r-release-linux-x86_64, r-release-macos-arm64, r-release-macos-x86_64, r-release-windows-x86_64, r-oldrel-macos-arm64, r-oldrel-macos-x86_64
Version: 0.5.0
Check: dependencies in R code
Result: NOTE
Namespaces in Imports field not imported from:
‘shiny’ ‘shinyjs’
All declared Imports should be used.
Flavors: r-devel-linux-x86_64-fedora-clang, r-devel-linux-x86_64-fedora-gcc, r-release-macos-arm64, r-release-macos-x86_64, r-oldrel-macos-arm64, r-oldrel-macos-x86_64
Version: 0.5.0
Check: whether package can be installed
Result: ERROR
Installation failed.
Flavor: r-oldrel-windows-ix86+x86_64