Last updated on 2022-08-15 08:50:08 CEST.
Flavor | Version | Tinstall | Tcheck | Ttotal | Status | Flags |
---|---|---|---|---|---|---|
r-devel-linux-x86_64-debian-clang | 0.3.0 | 16.05 | 167.26 | 183.31 | OK | |
r-devel-linux-x86_64-debian-gcc | 0.3.0 | 14.99 | 121.64 | 136.63 | OK | |
r-devel-linux-x86_64-fedora-clang | 0.3.0 | 224.46 | NOTE | |||
r-devel-linux-x86_64-fedora-gcc | 0.3.0 | 233.79 | NOTE | |||
r-devel-windows-x86_64 | 0.3.0 | 29.00 | 190.00 | 219.00 | OK | |
r-patched-linux-x86_64 | 0.3.0 | 16.98 | 153.27 | 170.25 | OK | |
r-release-linux-x86_64 | 0.3.0 | 14.32 | 153.79 | 168.11 | OK | |
r-release-macos-arm64 | 0.3.0 | 62.00 | NOTE | |||
r-release-macos-x86_64 | 0.3.0 | 110.00 | NOTE | |||
r-release-windows-x86_64 | 0.3.0 | 37.00 | 191.00 | 228.00 | OK | |
r-oldrel-macos-arm64 | 0.3.0 | 65.00 | NOTE | |||
r-oldrel-macos-x86_64 | 0.3.0 | 81.00 | NOTE | |||
r-oldrel-windows-ix86+x86_64 | 0.3.0 | 43.00 | 181.00 | 224.00 | OK |
Version: 0.3.0
Check: dependencies in R code
Result: NOTE
Namespaces in Imports field not imported from:
‘e1071’ ‘knitr’
All declared Imports should be used.
Flavors: r-devel-linux-x86_64-fedora-clang, r-devel-linux-x86_64-fedora-gcc, r-release-macos-arm64, r-release-macos-x86_64, r-oldrel-macos-arm64, r-oldrel-macos-x86_64