Last updated on 2022-08-15 08:50:08 CEST.
Flavor | Version | Tinstall | Tcheck | Ttotal | Status | Flags |
---|---|---|---|---|---|---|
r-devel-linux-x86_64-debian-clang | 0.1.0 | 18.52 | 148.71 | 167.23 | NOTE | |
r-devel-linux-x86_64-debian-gcc | 0.1.0 | 16.43 | 109.76 | 126.19 | NOTE | |
r-devel-linux-x86_64-fedora-clang | 0.1.0 | 219.88 | NOTE | |||
r-devel-linux-x86_64-fedora-gcc | 0.1.0 | 218.42 | NOTE | |||
r-devel-windows-x86_64 | 0.1.0 | 24.00 | 161.00 | 185.00 | NOTE | |
r-patched-linux-x86_64 | 0.1.0 | 17.50 | 139.35 | 156.85 | NOTE | |
r-release-linux-x86_64 | 0.1.0 | 13.90 | 142.93 | 156.83 | NOTE | |
r-release-macos-arm64 | 0.1.0 | 53.00 | NOTE | |||
r-release-macos-x86_64 | 0.1.0 | 93.00 | NOTE | |||
r-release-windows-x86_64 | 0.1.0 | 23.00 | 162.00 | 185.00 | NOTE | |
r-oldrel-macos-arm64 | 0.1.0 | 66.00 | NOTE | |||
r-oldrel-macos-x86_64 | 0.1.0 | 92.00 | NOTE | |||
r-oldrel-windows-ix86+x86_64 | 0.1.0 | 43.00 | 166.00 | 209.00 | NOTE |
Version: 0.1.0
Check: LazyData
Result: NOTE
'LazyData' is specified without a 'data' directory
Flavors: r-devel-linux-x86_64-debian-clang, r-devel-linux-x86_64-debian-gcc, r-devel-linux-x86_64-fedora-clang, r-devel-linux-x86_64-fedora-gcc, r-devel-windows-x86_64, r-patched-linux-x86_64, r-release-linux-x86_64, r-release-macos-arm64, r-release-macos-x86_64, r-release-windows-x86_64, r-oldrel-macos-arm64, r-oldrel-macos-x86_64, r-oldrel-windows-ix86+x86_64