Last updated on 2022-08-15 08:50:08 CEST.
Flavor | Version | Tinstall | Tcheck | Ttotal | Status | Flags |
---|---|---|---|---|---|---|
r-devel-linux-x86_64-debian-clang | 0.1.0 | 2.52 | 34.86 | 37.38 | NOTE | |
r-devel-linux-x86_64-debian-gcc | 0.1.0 | 2.48 | 27.44 | 29.92 | NOTE | |
r-devel-linux-x86_64-fedora-clang | 0.1.0 | 57.52 | NOTE | |||
r-devel-linux-x86_64-fedora-gcc | 0.1.0 | 58.24 | NOTE | |||
r-devel-windows-x86_64 | 0.1.0 | 110.00 | 64.00 | 174.00 | NOTE | |
r-patched-linux-x86_64 | 0.1.0 | 3.28 | 32.88 | 36.16 | NOTE | |
r-release-linux-x86_64 | 0.1.0 | 2.33 | 33.78 | 36.11 | NOTE | |
r-release-macos-arm64 | 0.1.0 | 21.00 | NOTE | |||
r-release-macos-x86_64 | 0.1.0 | 28.00 | NOTE | |||
r-release-windows-x86_64 | 0.1.0 | 153.00 | 65.00 | 218.00 | NOTE | |
r-oldrel-macos-arm64 | 0.1.0 | 22.00 | NOTE | |||
r-oldrel-macos-x86_64 | 0.1.0 | 37.00 | NOTE | |||
r-oldrel-windows-ix86+x86_64 | 0.1.0 | 8.00 | 56.00 | 64.00 | NOTE |
Version: 0.1.0
Check: LazyData
Result: NOTE
'LazyData' is specified without a 'data' directory
Flavors: r-devel-linux-x86_64-debian-clang, r-devel-linux-x86_64-debian-gcc, r-devel-linux-x86_64-fedora-clang, r-devel-linux-x86_64-fedora-gcc, r-devel-windows-x86_64, r-patched-linux-x86_64, r-release-linux-x86_64, r-release-macos-arm64, r-release-macos-x86_64, r-release-windows-x86_64, r-oldrel-macos-arm64, r-oldrel-macos-x86_64, r-oldrel-windows-ix86+x86_64