Last updated on 2022-08-15 08:50:08 CEST.
Flavor | Version | Tinstall | Tcheck | Ttotal | Status | Flags |
---|---|---|---|---|---|---|
r-devel-linux-x86_64-debian-clang | 0.1.0 | 9.44 | 71.56 | 81.00 | OK | |
r-devel-linux-x86_64-debian-gcc | 0.1.0 | 7.10 | 52.58 | 59.68 | OK | |
r-devel-linux-x86_64-fedora-clang | 0.1.0 | 107.14 | NOTE | |||
r-devel-linux-x86_64-fedora-gcc | 0.1.0 | 109.52 | NOTE | |||
r-devel-windows-x86_64 | 0.1.0 | 28.00 | 102.00 | 130.00 | OK | |
r-patched-linux-x86_64 | 0.1.0 | 6.04 | 67.10 | 73.14 | OK | |
r-release-linux-x86_64 | 0.1.0 | 6.29 | 66.11 | 72.40 | OK | |
r-release-macos-arm64 | 0.1.0 | 30.00 | NOTE | |||
r-release-macos-x86_64 | 0.1.0 | 58.00 | NOTE | |||
r-release-windows-x86_64 | 0.1.0 | 21.00 | 99.00 | 120.00 | OK | |
r-oldrel-macos-arm64 | 0.1.0 | 44.00 | NOTE | |||
r-oldrel-macos-x86_64 | 0.1.0 | 40.00 | NOTE | |||
r-oldrel-windows-ix86+x86_64 | 0.1.0 | 29.00 | 119.00 | 148.00 | OK |
Version: 0.1.0
Check: data for non-ASCII characters
Result: NOTE
Note: found 1231 marked UTF-8 strings
Flavors: r-devel-linux-x86_64-fedora-clang, r-devel-linux-x86_64-fedora-gcc, r-release-macos-arm64, r-release-macos-x86_64, r-oldrel-macos-arm64, r-oldrel-macos-x86_64