Last updated on 2022-08-15 08:50:08 CEST.
Flavor | Version | Tinstall | Tcheck | Ttotal | Status | Flags |
---|---|---|---|---|---|---|
r-devel-linux-x86_64-debian-clang | 3.1.1 | 2.47 | 74.40 | 76.87 | NOTE | |
r-devel-linux-x86_64-debian-gcc | 3.1.1 | 2.37 | 56.12 | 58.49 | NOTE | |
r-devel-linux-x86_64-fedora-clang | 3.1.1 | 105.10 | NOTE | |||
r-devel-linux-x86_64-fedora-gcc | 3.1.1 | 105.66 | NOTE | |||
r-devel-windows-x86_64 | 3.1.1 | 16.00 | 107.00 | 123.00 | NOTE | |
r-patched-linux-x86_64 | 3.1.1 | 2.72 | 73.98 | 76.70 | OK | |
r-release-linux-x86_64 | 3.1.1 | 1.97 | 72.83 | 74.80 | OK | |
r-release-macos-arm64 | 3.1.1 | 32.00 | OK | |||
r-release-macos-x86_64 | 3.1.1 | 48.00 | OK | |||
r-release-windows-x86_64 | 3.1.1 | 14.00 | 113.00 | 127.00 | OK | |
r-oldrel-macos-arm64 | 3.1.1 | 181.00 | OK | |||
r-oldrel-macos-x86_64 | 3.1.1 | 48.00 | OK | |||
r-oldrel-windows-ix86+x86_64 | 3.1.1 | 6.00 | 84.00 | 90.00 | OK |
Version: 3.1.1
Check: package subdirectories
Result: NOTE
Problems with news in 'NEWS.md':
No news entries found.
Flavors: r-devel-linux-x86_64-debian-clang, r-devel-linux-x86_64-debian-gcc, r-devel-linux-x86_64-fedora-clang, r-devel-linux-x86_64-fedora-gcc, r-devel-windows-x86_64