Last updated on 2022-08-15 08:50:08 CEST.
Flavor | Version | Tinstall | Tcheck | Ttotal | Status | Flags |
---|---|---|---|---|---|---|
r-devel-linux-x86_64-debian-clang | 1.0.1 | 4.06 | 51.45 | 55.51 | OK | |
r-devel-linux-x86_64-debian-gcc | 1.0.1 | 3.01 | 38.15 | 41.16 | OK | |
r-devel-linux-x86_64-fedora-clang | 1.0.1 | 76.82 | NOTE | |||
r-devel-linux-x86_64-fedora-gcc | 1.0.1 | 76.53 | NOTE | |||
r-devel-windows-x86_64 | 1.0.1 | 59.00 | 79.00 | 138.00 | OK | |
r-patched-linux-x86_64 | 1.0.1 | 2.99 | 47.50 | 50.49 | OK | |
r-release-linux-x86_64 | 1.0.1 | 2.89 | 47.35 | 50.24 | OK | |
r-release-macos-arm64 | 1.0.1 | 25.00 | NOTE | |||
r-release-macos-x86_64 | 1.0.1 | 36.00 | NOTE | |||
r-release-windows-x86_64 | 1.0.1 | 30.00 | 79.00 | 109.00 | OK | |
r-oldrel-macos-arm64 | 1.0.1 | 24.00 | NOTE | |||
r-oldrel-macos-x86_64 | 1.0.1 | 33.00 | NOTE | |||
r-oldrel-windows-ix86+x86_64 | 1.0.1 | 10.00 | 72.00 | 82.00 | OK |
Version: 1.0.1
Check: dependencies in R code
Result: NOTE
Namespaces in Imports field not imported from:
‘pedtools’ ‘readr’
All declared Imports should be used.
Flavors: r-devel-linux-x86_64-fedora-clang, r-devel-linux-x86_64-fedora-gcc, r-release-macos-arm64, r-release-macos-x86_64, r-oldrel-macos-arm64, r-oldrel-macos-x86_64