Last updated on 2022-08-15 08:50:08 CEST.
Flavor | Version | Tinstall | Tcheck | Ttotal | Status | Flags |
---|---|---|---|---|---|---|
r-devel-linux-x86_64-debian-clang | 1.0.0 | 8.08 | 64.63 | 72.71 | NOTE | |
r-devel-linux-x86_64-debian-gcc | 1.0.0 | 5.91 | 50.15 | 56.06 | NOTE | |
r-devel-linux-x86_64-fedora-clang | 1.0.0 | 98.49 | NOTE | |||
r-devel-linux-x86_64-fedora-gcc | 1.0.0 | 97.96 | NOTE | |||
r-devel-windows-x86_64 | 1.0.0 | 18.00 | 85.00 | 103.00 | NOTE | |
r-patched-linux-x86_64 | 1.0.0 | 7.91 | 62.19 | 70.10 | NOTE | |
r-release-linux-x86_64 | 1.0.0 | 8.34 | 63.18 | 71.52 | NOTE | |
r-release-macos-arm64 | 1.0.0 | 27.00 | NOTE | |||
r-release-macos-x86_64 | 1.0.0 | 41.00 | NOTE | |||
r-release-windows-x86_64 | 1.0.0 | 17.00 | 85.00 | 102.00 | NOTE | |
r-oldrel-macos-arm64 | 1.0.0 | 33.00 | NOTE | |||
r-oldrel-macos-x86_64 | 1.0.0 | 55.00 | NOTE | |||
r-oldrel-windows-ix86+x86_64 | 1.0.0 | 17.00 | 87.00 | 104.00 | NOTE |
Version: 1.0.0
Check: LazyData
Result: NOTE
'LazyData' is specified without a 'data' directory
Flavors: r-devel-linux-x86_64-debian-clang, r-devel-linux-x86_64-debian-gcc, r-devel-linux-x86_64-fedora-clang, r-devel-linux-x86_64-fedora-gcc, r-devel-windows-x86_64, r-patched-linux-x86_64, r-release-linux-x86_64, r-release-macos-arm64, r-release-macos-x86_64, r-release-windows-x86_64, r-oldrel-macos-arm64, r-oldrel-macos-x86_64, r-oldrel-windows-ix86+x86_64