Last updated on 2022-08-15 08:50:08 CEST.
Flavor | Version | Tinstall | Tcheck | Ttotal | Status | Flags |
---|---|---|---|---|---|---|
r-devel-linux-x86_64-debian-clang | 1.2.1 | 89.96 | 203.15 | 293.11 | OK | |
r-devel-linux-x86_64-debian-gcc | 1.2.1 | 64.13 | 149.00 | 213.13 | OK | |
r-devel-linux-x86_64-fedora-clang | 1.2.1 | 368.24 | OK | |||
r-devel-linux-x86_64-fedora-gcc | 1.2.1 | 352.00 | OK | |||
r-devel-windows-x86_64 | 1.2.1 | 96.00 | 253.00 | 349.00 | OK | |
r-patched-linux-x86_64 | 1.2.1 | 70.02 | 187.22 | 257.24 | OK | |
r-release-linux-x86_64 | 1.2.1 | 74.61 | 182.97 | 257.58 | OK | |
r-release-macos-arm64 | 1.2.1 | 90.00 | NOTE | |||
r-release-macos-x86_64 | 1.2.1 | 153.00 | NOTE | |||
r-release-windows-x86_64 | 1.2.1 | 94.00 | 246.00 | 340.00 | OK | |
r-oldrel-macos-arm64 | 1.2.1 | 118.00 | NOTE | |||
r-oldrel-macos-x86_64 | 1.2.1 | 169.00 | NOTE | |||
r-oldrel-windows-ix86+x86_64 | 1.2.1 | 196.00 | 326.00 | 522.00 | NOTE |
Version: 1.2.1
Check: installed package size
Result: NOTE
installed size is 5.2Mb
sub-directories of 1Mb or more:
data 2.0Mb
libs 2.3Mb
Flavors: r-release-macos-arm64, r-release-macos-x86_64, r-oldrel-macos-arm64, r-oldrel-macos-x86_64, r-oldrel-windows-ix86+x86_64