Last updated on 2022-08-15 08:50:08 CEST.
Flavor | Version | Tinstall | Tcheck | Ttotal | Status | Flags |
---|---|---|---|---|---|---|
r-devel-linux-x86_64-debian-clang | 1.0.1 | 84.69 | 75.00 | 159.69 | NOTE | |
r-devel-linux-x86_64-debian-gcc | 1.0.1 | 70.37 | 55.39 | 125.76 | NOTE | |
r-devel-linux-x86_64-fedora-clang | 1.0.1 | 214.88 | NOTE | |||
r-devel-linux-x86_64-fedora-gcc | 1.0.1 | 217.32 | NOTE | |||
r-devel-windows-x86_64 | 1.0.1 | 142.00 | 122.00 | 264.00 | NOTE | |
r-patched-linux-x86_64 | 1.0.1 | 79.88 | 72.22 | 152.10 | NOTE | |
r-release-linux-x86_64 | 1.0.1 | 73.55 | 71.58 | 145.13 | NOTE | |
r-release-macos-arm64 | 1.0.1 | 51.00 | NOTE | |||
r-release-macos-x86_64 | 1.0.1 | 69.00 | NOTE | |||
r-release-windows-x86_64 | 1.0.1 | 122.00 | 122.00 | 244.00 | NOTE | |
r-oldrel-macos-arm64 | 1.0.1 | 67.00 | NOTE | |||
r-oldrel-macos-x86_64 | 1.0.1 | 113.00 | NOTE | |||
r-oldrel-windows-ix86+x86_64 | 1.0.1 | 190.00 | 137.00 | 327.00 | NOTE |
Version: 1.0.1
Check: LazyData
Result: NOTE
'LazyData' is specified without a 'data' directory
Flavors: r-devel-linux-x86_64-debian-clang, r-devel-linux-x86_64-debian-gcc, r-devel-linux-x86_64-fedora-clang, r-devel-linux-x86_64-fedora-gcc, r-devel-windows-x86_64, r-patched-linux-x86_64, r-release-linux-x86_64, r-release-macos-arm64, r-release-macos-x86_64, r-release-windows-x86_64, r-oldrel-macos-arm64, r-oldrel-macos-x86_64, r-oldrel-windows-ix86+x86_64
Version: 1.0.1
Check: installed package size
Result: NOTE
installed size is 9.6Mb
sub-directories of 1Mb or more:
libs 8.9Mb
Flavors: r-release-macos-arm64, r-release-macos-x86_64, r-oldrel-macos-arm64, r-oldrel-macos-x86_64