Last updated on 2022-08-15 08:50:09 CEST.
Flavor | Version | Tinstall | Tcheck | Ttotal | Status | Flags |
---|---|---|---|---|---|---|
r-devel-linux-x86_64-debian-clang | 1.0-11 | 6.09 | 92.10 | 98.19 | OK | |
r-devel-linux-x86_64-debian-gcc | 1.0-11 | 4.30 | 72.09 | 76.39 | OK | |
r-devel-linux-x86_64-fedora-clang | 1.0-11 | 128.77 | OK | |||
r-devel-linux-x86_64-fedora-gcc | 1.0-11 | 127.15 | OK | |||
r-devel-windows-x86_64 | 1.0-11 | 50.00 | 143.00 | 193.00 | OK | |
r-patched-linux-x86_64 | 1.0-11 | 9.20 | 88.22 | 97.42 | OK | |
r-release-linux-x86_64 | 1.0-11 | 6.61 | 87.43 | 94.04 | OK | |
r-release-macos-arm64 | 1.0-11 | 57.00 | NOTE | |||
r-release-macos-x86_64 | 1.0-11 | 77.00 | NOTE | |||
r-release-windows-x86_64 | 1.0-11 | 41.00 | 143.00 | 184.00 | OK | |
r-oldrel-macos-arm64 | 1.0-11 | 58.00 | NOTE | |||
r-oldrel-macos-x86_64 | 1.0-11 | 78.00 | NOTE | |||
r-oldrel-windows-ix86+x86_64 | 1.0-11 | 16.00 | 141.00 | 157.00 | OK |
Version: 1.0-11
Check: package dependencies
Result: NOTE
Package suggested but not available for checking: ‘Rmpi’
Flavors: r-release-macos-arm64, r-release-macos-x86_64, r-oldrel-macos-arm64, r-oldrel-macos-x86_64
Version: 1.0-11
Check: Rd cross-references
Result: NOTE
Package unavailable to check Rd xrefs: ‘Rmpi’
Flavors: r-release-macos-arm64, r-release-macos-x86_64, r-oldrel-macos-arm64, r-oldrel-macos-x86_64