Last updated on 2022-08-15 08:50:09 CEST.
Flavor | Version | Tinstall | Tcheck | Ttotal | Status | Flags |
---|---|---|---|---|---|---|
r-devel-linux-x86_64-debian-clang | 1.0.0 | 3.44 | 426.18 | 429.62 | NOTE | |
r-devel-linux-x86_64-debian-gcc | 1.0.0 | 2.54 | 278.23 | 280.77 | NOTE | |
r-devel-linux-x86_64-fedora-clang | 1.0.0 | 478.52 | NOTE | |||
r-devel-linux-x86_64-fedora-gcc | 1.0.0 | 525.36 | NOTE | |||
r-devel-windows-x86_64 | 1.0.0 | 16.00 | 396.00 | 412.00 | NOTE | |
r-patched-linux-x86_64 | 1.0.0 | 3.37 | 384.98 | 388.35 | OK | |
r-release-linux-x86_64 | 1.0.0 | 2.99 | 392.55 | 395.54 | OK | |
r-release-macos-arm64 | 1.0.0 | 90.00 | OK | |||
r-release-macos-x86_64 | 1.0.0 | 139.00 | OK | |||
r-release-windows-x86_64 | 1.0.0 | 19.00 | 385.00 | 404.00 | OK | |
r-oldrel-macos-arm64 | 1.0.0 | 100.00 | OK | |||
r-oldrel-macos-x86_64 | 1.0.0 | 210.00 | OK | |||
r-oldrel-windows-ix86+x86_64 | 1.0.0 | 7.00 | 437.00 | 444.00 | OK |
Version: 1.0.0
Check: package subdirectories
Result: NOTE
Problems with news in 'NEWS.md':
Cannot extract version info from the following section titles:
Version (Date)
Flavors: r-devel-linux-x86_64-debian-clang, r-devel-linux-x86_64-debian-gcc, r-devel-linux-x86_64-fedora-clang, r-devel-linux-x86_64-fedora-gcc, r-devel-windows-x86_64