Last updated on 2022-08-15 08:50:09 CEST.
Flavor | Version | Tinstall | Tcheck | Ttotal | Status | Flags |
---|---|---|---|---|---|---|
r-devel-linux-x86_64-debian-clang | 0.2.3 | 3.27 | 41.51 | 44.78 | OK | |
r-devel-linux-x86_64-debian-gcc | 0.2.3 | 3.32 | 31.95 | 35.27 | OK | |
r-devel-linux-x86_64-fedora-clang | 0.2.3 | 64.98 | NOTE | |||
r-devel-linux-x86_64-fedora-gcc | 0.2.3 | 64.00 | NOTE | |||
r-devel-windows-x86_64 | 0.2.3 | 12.00 | 69.00 | 81.00 | OK | |
r-patched-linux-x86_64 | 0.2.3 | 3.72 | 40.44 | 44.16 | OK | |
r-release-linux-x86_64 | 0.2.3 | 3.14 | 41.47 | 44.61 | OK | |
r-release-macos-arm64 | 0.2.3 | 18.00 | NOTE | |||
r-release-macos-x86_64 | 0.2.3 | 38.00 | NOTE | |||
r-release-windows-x86_64 | 0.2.3 | 10.00 | 69.00 | 79.00 | OK | |
r-oldrel-macos-arm64 | 0.2.3 | 30.00 | NOTE | |||
r-oldrel-macos-x86_64 | 0.2.3 | 47.00 | NOTE | |||
r-oldrel-windows-ix86+x86_64 | 0.2.3 | 12.00 | 65.00 | 77.00 | OK |
Version: 0.2.3
Check: dependencies in R code
Result: NOTE
Namespaces in Imports field not imported from:
‘crqa’ ‘plot3D’
All declared Imports should be used.
Flavors: r-devel-linux-x86_64-fedora-clang, r-devel-linux-x86_64-fedora-gcc, r-release-macos-arm64, r-release-macos-x86_64, r-oldrel-macos-arm64, r-oldrel-macos-x86_64