Last updated on 2022-08-15 08:50:09 CEST.
Flavor | Version | Tinstall | Tcheck | Ttotal | Status | Flags |
---|---|---|---|---|---|---|
r-devel-linux-x86_64-debian-clang | 0.8.1 | 2.24 | 28.25 | 30.49 | NOTE | |
r-devel-linux-x86_64-debian-gcc | 0.8.1 | 1.82 | 22.26 | 24.08 | NOTE | |
r-devel-linux-x86_64-fedora-clang | 0.8.1 | 47.57 | NOTE | |||
r-devel-linux-x86_64-fedora-gcc | 0.8.1 | 45.70 | NOTE | |||
r-devel-windows-x86_64 | 0.8.1 | 9.00 | 54.00 | 63.00 | NOTE | |
r-patched-linux-x86_64 | 0.8.1 | 2.34 | 27.49 | 29.83 | OK | |
r-release-linux-x86_64 | 0.8.1 | 1.77 | 27.10 | 28.87 | OK | |
r-release-macos-arm64 | 0.8.1 | 18.00 | OK | |||
r-release-macos-x86_64 | 0.8.1 | 23.00 | OK | |||
r-release-windows-x86_64 | 0.8.1 | 9.00 | 52.00 | 61.00 | OK | |
r-oldrel-macos-arm64 | 0.8.1 | 18.00 | OK | |||
r-oldrel-macos-x86_64 | 0.8.1 | 26.00 | OK | |||
r-oldrel-windows-ix86+x86_64 | 0.8.1 | 6.00 | 48.00 | 54.00 | OK |
Version: 0.8.1
Check: package subdirectories
Result: NOTE
Problems with news in 'NEWS.md':
No news entries found.
Flavors: r-devel-linux-x86_64-debian-clang, r-devel-linux-x86_64-debian-gcc, r-devel-linux-x86_64-fedora-clang, r-devel-linux-x86_64-fedora-gcc, r-devel-windows-x86_64