Last updated on 2022-08-15 08:50:09 CEST.
Flavor | Version | Tinstall | Tcheck | Ttotal | Status | Flags |
---|---|---|---|---|---|---|
r-devel-linux-x86_64-debian-clang | 0.1.0 | 23.47 | 0.41 | 23.88 | ERROR | |
r-devel-linux-x86_64-debian-gcc | 0.1.0 | 17.89 | 91.62 | 109.51 | OK | |
r-devel-linux-x86_64-fedora-clang | 0.1.0 | 199.08 | OK | |||
r-devel-linux-x86_64-fedora-gcc | 0.1.0 | 185.82 | OK | |||
r-devel-windows-x86_64 | 0.1.0 | 26.00 | 172.00 | 198.00 | OK | |
r-patched-linux-x86_64 | 0.1.0 | 19.40 | 119.69 | 139.09 | OK | |
r-release-linux-x86_64 | 0.1.0 | 18.27 | 120.39 | 138.66 | OK | |
r-release-macos-arm64 | 0.1.0 | 67.00 | OK | |||
r-release-macos-x86_64 | 0.1.0 | 91.00 | OK | |||
r-release-windows-x86_64 | 0.1.0 | 28.00 | 172.00 | 200.00 | OK | |
r-oldrel-macos-arm64 | 0.1.0 | 63.00 | OK | |||
r-oldrel-macos-x86_64 | 0.1.0 | 89.00 | OK | |||
r-oldrel-windows-ix86+x86_64 | 0.1.0 | 54.00 | 234.00 | 288.00 | OK |
Version: 0.1.0
Check: package namespace information
Result: ERROR
Invalid NAMESPACE file, parsing gives:
Error in parseNamespaceFile(basename(pkgdir), dirname(pkgdir)): unable to re-encode some lines in NAMESPACE file
See section 'Package namespaces' in the 'Writing R Extensions' manual.
Flavor: r-devel-linux-x86_64-debian-clang