Last updated on 2022-08-15 08:50:09 CEST.
Flavor | Version | Tinstall | Tcheck | Ttotal | Status | Flags |
---|---|---|---|---|---|---|
r-devel-linux-x86_64-debian-clang | 1.1.6 | 212.24 | 215.31 | 427.55 | OK | |
r-devel-linux-x86_64-debian-gcc | 1.1.6 | 172.97 | 163.90 | 336.87 | OK | |
r-devel-linux-x86_64-fedora-clang | 1.1.6 | 534.79 | OK | |||
r-devel-linux-x86_64-fedora-gcc | 1.1.6 | 583.44 | OK | |||
r-devel-windows-x86_64 | 1.1.6 | 142.00 | 261.00 | 403.00 | OK | |
r-patched-linux-x86_64 | 1.1.6 | 151.58 | 205.87 | 357.45 | OK | |
r-release-linux-x86_64 | 1.1.6 | 186.66 | 214.32 | 400.98 | OK | |
r-release-macos-arm64 | 1.1.6 | 139.00 | NOTE | |||
r-release-macos-x86_64 | 1.1.6 | 181.00 | NOTE | |||
r-release-windows-x86_64 | 1.1.6 | 150.00 | 265.00 | 415.00 | OK | |
r-oldrel-macos-arm64 | 1.1.6 | 137.00 | NOTE | |||
r-oldrel-macos-x86_64 | 1.1.6 | 185.00 | NOTE | |||
r-oldrel-windows-ix86+x86_64 | 1.1.6 | 436.00 | 429.00 | 865.00 | OK |
Version: 1.1.6
Check: installed package size
Result: NOTE
installed size is 36.0Mb
sub-directories of 1Mb or more:
libs 34.3Mb
Flavors: r-release-macos-arm64, r-release-macos-x86_64, r-oldrel-macos-arm64, r-oldrel-macos-x86_64