Last updated on 2022-08-15 08:50:09 CEST.
Flavor | Version | Tinstall | Tcheck | Ttotal | Status | Flags |
---|---|---|---|---|---|---|
r-devel-linux-x86_64-debian-clang | 1.0.0 | 71.48 | 57.97 | 129.45 | OK | |
r-devel-linux-x86_64-debian-gcc | 1.0.0 | 54.87 | 45.13 | 100.00 | OK | |
r-devel-linux-x86_64-fedora-clang | 1.0.0 | 184.77 | NOTE | |||
r-devel-linux-x86_64-fedora-gcc | 1.0.0 | 177.87 | NOTE | |||
r-devel-windows-x86_64 | 1.0.0 | 92.00 | 108.00 | 200.00 | OK | |
r-patched-linux-x86_64 | 1.0.0 | 57.86 | 58.32 | 116.18 | OK | |
r-release-linux-x86_64 | 1.0.0 | 63.52 | 58.46 | 121.98 | OK | |
r-release-macos-arm64 | 1.0.0 | 47.00 | NOTE | |||
r-release-macos-x86_64 | 1.0.0 | 77.00 | NOTE | |||
r-release-windows-x86_64 | 1.0.0 | 61.00 | 103.00 | 164.00 | OK | |
r-oldrel-macos-arm64 | 1.0.0 | 57.00 | NOTE | |||
r-oldrel-macos-x86_64 | 1.0.0 | 68.00 | NOTE | |||
r-oldrel-windows-ix86+x86_64 | 1.0.0 | 222.00 | 429.00 | 651.00 | NOTE |
Version: 1.0.0
Check: dependencies in R code
Result: NOTE
Namespace in Imports field not imported from: ‘RcppArmadillo’
All declared Imports should be used.
Flavors: r-devel-linux-x86_64-fedora-clang, r-devel-linux-x86_64-fedora-gcc, r-release-macos-arm64, r-release-macos-x86_64, r-oldrel-macos-arm64, r-oldrel-macos-x86_64
Version: 1.0.0
Check: installed package size
Result: NOTE
installed size is 5.1Mb
sub-directories of 1Mb or more:
R 2.0Mb
libs 2.0Mb
Flavor: r-oldrel-windows-ix86+x86_64