Last updated on 2022-08-15 08:50:09 CEST.
Flavor | Version | Tinstall | Tcheck | Ttotal | Status | Flags |
---|---|---|---|---|---|---|
r-devel-linux-x86_64-debian-clang | 0.1.0 | 8.01 | 79.47 | 87.48 | NOTE | |
r-devel-linux-x86_64-debian-gcc | 0.1.0 | 7.34 | 60.66 | 68.00 | NOTE | |
r-devel-linux-x86_64-fedora-clang | 0.1.0 | 115.51 | NOTE | |||
r-devel-linux-x86_64-fedora-gcc | 0.1.0 | 113.96 | NOTE | |||
r-devel-windows-x86_64 | 0.1.0 | 19.00 | 101.00 | 120.00 | NOTE | |
r-patched-linux-x86_64 | 0.1.0 | 7.84 | 75.76 | 83.60 | OK | |
r-release-linux-x86_64 | 0.1.0 | 8.53 | 75.92 | 84.45 | OK | |
r-release-macos-arm64 | 0.1.0 | 35.00 | OK | |||
r-release-macos-x86_64 | 0.1.0 | 48.00 | OK | |||
r-release-windows-x86_64 | 0.1.0 | 18.00 | 104.00 | 122.00 | OK | |
r-oldrel-macos-arm64 | 0.1.0 | 37.00 | OK | |||
r-oldrel-macos-x86_64 | 0.1.0 | 61.00 | OK | |||
r-oldrel-windows-ix86+x86_64 | 0.1.0 | 20.00 | 97.00 | 117.00 | OK |
Version: 0.1.0
Check: package subdirectories
Result: NOTE
Problems with news in 'NEWS.md':
No news entries found.
Flavors: r-devel-linux-x86_64-debian-clang, r-devel-linux-x86_64-debian-gcc, r-devel-linux-x86_64-fedora-clang, r-devel-linux-x86_64-fedora-gcc, r-devel-windows-x86_64