Last updated on 2022-08-15 08:50:09 CEST.
Flavor | Version | Tinstall | Tcheck | Ttotal | Status | Flags |
---|---|---|---|---|---|---|
r-devel-linux-x86_64-debian-clang | 0.1.1 | 1.86 | 90.21 | 92.07 | OK | |
r-devel-linux-x86_64-debian-gcc | 0.1.1 | 1.58 | 71.48 | 73.06 | OK | |
r-devel-linux-x86_64-fedora-clang | 0.1.1 | 112.94 | NOTE | |||
r-devel-linux-x86_64-fedora-gcc | 0.1.1 | 117.52 | NOTE | |||
r-devel-windows-x86_64 | 0.1.1 | 22.00 | 115.00 | 137.00 | OK | |
r-patched-linux-x86_64 | 0.1.1 | 1.81 | 89.85 | 91.66 | OK | |
r-release-linux-x86_64 | 0.1.1 | 1.99 | 88.05 | 90.04 | OK | |
r-release-macos-arm64 | 0.1.1 | 44.00 | NOTE | |||
r-release-macos-x86_64 | 0.1.1 | 51.00 | NOTE | |||
r-release-windows-x86_64 | 0.1.1 | 16.00 | 112.00 | 128.00 | OK | |
r-oldrel-macos-arm64 | 0.1.1 | 69.00 | NOTE | |||
r-oldrel-macos-x86_64 | 0.1.1 | 72.00 | NOTE | |||
r-oldrel-windows-ix86+x86_64 | 0.1.1 | 5.00 | 109.00 | 114.00 | OK |
Version: 0.1.1
Check: data for non-ASCII characters
Result: NOTE
Note: found 2 marked Latin-1 strings
Flavors: r-devel-linux-x86_64-fedora-clang, r-devel-linux-x86_64-fedora-gcc, r-release-macos-arm64, r-release-macos-x86_64, r-oldrel-macos-arm64, r-oldrel-macos-x86_64