Last updated on 2022-08-15 08:50:09 CEST.
Flavor | Version | Tinstall | Tcheck | Ttotal | Status | Flags |
---|---|---|---|---|---|---|
r-devel-linux-x86_64-debian-clang | 2.1-5 | 27.12 | 372.11 | 399.23 | OK | |
r-devel-linux-x86_64-debian-gcc | 2.1-5 | 19.92 | 265.39 | 285.31 | OK | |
r-devel-linux-x86_64-fedora-clang | 2.1-5 | 466.44 | NOTE | |||
r-devel-linux-x86_64-fedora-gcc | 2.1-5 | 473.10 | NOTE | |||
r-devel-windows-x86_64 | 2.1-5 | 57.00 | 399.00 | 456.00 | OK | |
r-patched-linux-x86_64 | 2.1-5 | 32.37 | 348.90 | 381.27 | OK | |
r-release-linux-x86_64 | 2.1-5 | 23.64 | 344.80 | 368.44 | OK | |
r-release-macos-arm64 | 2.1-5 | 88.00 | NOTE | |||
r-release-macos-x86_64 | 2.1-5 | 179.00 | NOTE | |||
r-release-windows-x86_64 | 2.1-5 | 59.00 | 402.00 | 461.00 | OK | |
r-oldrel-macos-arm64 | 2.1-5 | 119.00 | NOTE | |||
r-oldrel-macos-x86_64 | 2.1-5 | 176.00 | NOTE | |||
r-oldrel-windows-ix86+x86_64 | 2.1-5 | 55.00 | 497.00 | 552.00 | OK |
Version: 2.1-5
Check: data for non-ASCII characters
Result: NOTE
Note: found 15 marked Latin-1 strings
Note: found 2 marked UTF-8 strings
Flavors: r-devel-linux-x86_64-fedora-clang, r-devel-linux-x86_64-fedora-gcc, r-release-macos-arm64, r-release-macos-x86_64, r-oldrel-macos-arm64, r-oldrel-macos-x86_64