Last updated on 2022-08-15 08:50:09 CEST.
Flavor | Version | Tinstall | Tcheck | Ttotal | Status | Flags |
---|---|---|---|---|---|---|
r-devel-linux-x86_64-debian-clang | 0.6.0 | 94.88 | 56.78 | 151.66 | NOTE | |
r-devel-linux-x86_64-debian-gcc | 0.6.0 | 63.49 | 43.41 | 106.90 | NOTE | |
r-devel-linux-x86_64-fedora-clang | 0.6.0 | 214.21 | NOTE | |||
r-devel-linux-x86_64-fedora-gcc | 0.6.0 | 200.16 | NOTE | |||
r-devel-windows-x86_64 | 0.6.0 | 118.00 | 111.00 | 229.00 | NOTE | |
r-patched-linux-x86_64 | 0.6.0 | 74.51 | 54.18 | 128.69 | NOTE | |
r-release-linux-x86_64 | 0.6.0 | 70.51 | 53.15 | 123.66 | NOTE | |
r-release-macos-arm64 | 0.6.0 | 54.00 | NOTE | |||
r-release-macos-x86_64 | 0.6.0 | 90.00 | NOTE | |||
r-release-windows-x86_64 | 0.6.0 | 83.00 | 114.00 | 197.00 | NOTE | |
r-oldrel-macos-arm64 | 0.6.0 | 60.00 | NOTE | |||
r-oldrel-macos-x86_64 | 0.6.0 | 72.00 | NOTE | |||
r-oldrel-windows-ix86+x86_64 | 0.6.0 | 206.00 | 114.00 | 320.00 | NOTE |
Version: 0.6.0
Check: for GNU extensions in Makefiles
Result: NOTE
GNU make is a SystemRequirements.
Flavors: r-devel-linux-x86_64-debian-clang, r-devel-linux-x86_64-debian-gcc, r-devel-linux-x86_64-fedora-clang, r-devel-linux-x86_64-fedora-gcc, r-devel-windows-x86_64, r-patched-linux-x86_64, r-release-linux-x86_64, r-release-macos-arm64, r-release-macos-x86_64, r-release-windows-x86_64, r-oldrel-macos-arm64, r-oldrel-macos-x86_64, r-oldrel-windows-ix86+x86_64
Version: 0.6.0
Check: installed package size
Result: NOTE
installed size is 5.6Mb
sub-directories of 1Mb or more:
libs 5.0Mb
Flavors: r-release-macos-arm64, r-release-macos-x86_64, r-oldrel-macos-arm64, r-oldrel-macos-x86_64