Last updated on 2022-08-15 08:50:09 CEST.
Flavor | Version | Tinstall | Tcheck | Ttotal | Status | Flags |
---|---|---|---|---|---|---|
r-devel-linux-x86_64-debian-clang | 1.7.0 | 12.04 | 146.97 | 159.01 | OK | |
r-devel-linux-x86_64-debian-gcc | 1.7.0 | 8.10 | 109.34 | 117.44 | OK | |
r-devel-linux-x86_64-fedora-clang | 1.7.0 | 199.63 | NOTE | |||
r-devel-linux-x86_64-fedora-gcc | 1.7.0 | 193.78 | OK | |||
r-devel-windows-x86_64 | 1.7.0 | 19.00 | 163.00 | 182.00 | OK | |
r-patched-linux-x86_64 | 1.7.0 | 9.85 | 136.58 | 146.43 | OK | |
r-release-linux-x86_64 | 1.7.0 | 9.62 | 142.17 | 151.79 | OK | |
r-release-macos-arm64 | 1.7.0 | 51.00 | OK | |||
r-release-macos-x86_64 | 1.7.0 | 75.00 | OK | |||
r-release-windows-x86_64 | 1.7.0 | 23.00 | 163.00 | 186.00 | OK | |
r-oldrel-macos-arm64 | 1.7.0 | 53.00 | OK | |||
r-oldrel-macos-x86_64 | 1.7.0 | 74.00 | OK | |||
r-oldrel-windows-ix86+x86_64 | 1.7.0 | 21.00 | 175.00 | 196.00 | OK |
Version: 1.7.0
Check: Rd cross-references
Result: NOTE
Undeclared package ‘mice’ in Rd xrefs
Flavor: r-devel-linux-x86_64-fedora-clang