Last updated on 2022-08-15 08:50:09 CEST.
Flavor | Version | Tinstall | Tcheck | Ttotal | Status | Flags |
---|---|---|---|---|---|---|
r-devel-linux-x86_64-debian-clang | 1.6 | 35.91 | 268.71 | 304.62 | NOTE | |
r-devel-linux-x86_64-debian-gcc | 1.6 | 30.81 | 178.62 | 209.43 | NOTE | |
r-devel-linux-x86_64-fedora-clang | 1.6 | 368.14 | NOTE | |||
r-devel-linux-x86_64-fedora-gcc | 1.6 | 381.94 | NOTE | |||
r-devel-windows-x86_64 | 1.6 | 87.00 | 293.00 | 380.00 | OK | |
r-patched-linux-x86_64 | 1.6 | 35.72 | 248.25 | 283.97 | OK | |
r-release-linux-x86_64 | 1.6 | 30.79 | 244.32 | 275.11 | OK | |
r-release-macos-arm64 | 1.6 | 132.00 | OK | |||
r-release-macos-x86_64 | 1.6 | 150.00 | OK | |||
r-release-windows-x86_64 | 1.6 | 97.00 | 300.00 | 397.00 | OK | |
r-oldrel-macos-arm64 | 1.6 | 86.00 | OK | |||
r-oldrel-macos-x86_64 | 1.6 | 120.00 | OK | |||
r-oldrel-windows-ix86+x86_64 | 1.6 | 86.00 | 539.00 | 625.00 | OK |
Version: 1.6
Check: HTML version of manual
Result: NOTE
Found the following HTML validation problems:
summary.smerc_cluster.html:48:1: Warning: trimming empty <dt>
Flavors: r-devel-linux-x86_64-debian-clang, r-devel-linux-x86_64-debian-gcc, r-devel-linux-x86_64-fedora-clang, r-devel-linux-x86_64-fedora-gcc