Last updated on 2022-08-15 08:50:09 CEST.
Flavor | Version | Tinstall | Tcheck | Ttotal | Status | Flags |
---|---|---|---|---|---|---|
r-devel-linux-x86_64-debian-clang | 1.0.3 | 56.51 | 102.44 | 158.95 | OK | |
r-devel-linux-x86_64-debian-gcc | 1.0.3 | 43.36 | 73.20 | 116.56 | OK | |
r-devel-linux-x86_64-fedora-clang | 1.0.3 | 205.78 | OK | |||
r-devel-linux-x86_64-fedora-gcc | 1.0.3 | 197.12 | OK | |||
r-devel-windows-x86_64 | 1.0.3 | 59.00 | 138.00 | 197.00 | OK | |
r-patched-linux-x86_64 | 1.0.3 | 45.96 | 93.51 | 139.47 | OK | |
r-release-linux-x86_64 | 1.0.3 | 43.73 | 93.66 | 137.39 | OK | |
r-release-macos-arm64 | 1.0.3 | 49.00 | NOTE | |||
r-release-macos-x86_64 | 1.0.3 | 67.00 | NOTE | |||
r-release-windows-x86_64 | 1.0.3 | 68.00 | 141.00 | 209.00 | OK | |
r-oldrel-macos-arm64 | 1.0.3 | 56.00 | NOTE | |||
r-oldrel-macos-x86_64 | 1.0.3 | 68.00 | NOTE | |||
r-oldrel-windows-ix86+x86_64 | 1.0.3 | 117.00 | 148.00 | 265.00 | OK |
Version: 1.0.3
Check: installed package size
Result: NOTE
installed size is 5.2Mb
sub-directories of 1Mb or more:
libs 4.4Mb
Flavors: r-release-macos-arm64, r-release-macos-x86_64, r-oldrel-macos-arm64, r-oldrel-macos-x86_64