Last updated on 2022-08-15 08:50:09 CEST.
Flavor | Version | Tinstall | Tcheck | Ttotal | Status | Flags |
---|---|---|---|---|---|---|
r-devel-linux-x86_64-debian-clang | 1.6.0.2 | 87.71 | 123.72 | 211.43 | NOTE | |
r-devel-linux-x86_64-debian-gcc | 1.6.0.2 | 70.28 | 91.30 | 161.58 | NOTE | |
r-devel-linux-x86_64-fedora-clang | 1.6.0.2 | 292.04 | NOTE | |||
r-devel-linux-x86_64-fedora-gcc | 1.6.0.2 | 267.39 | NOTE | |||
r-devel-windows-x86_64 | 1.6.0.2 | 151.00 | 154.00 | 305.00 | NOTE | |
r-patched-linux-x86_64 | 1.6.0.2 | 80.37 | 121.14 | 201.51 | NOTE | |
r-release-linux-x86_64 | 1.6.0.2 | 76.02 | 118.61 | 194.63 | NOTE | |
r-release-macos-arm64 | 1.6.0.2 | 87.00 | NOTE | |||
r-release-macos-x86_64 | 1.6.0.2 | 135.00 | NOTE | |||
r-release-windows-x86_64 | 1.6.0.2 | 184.00 | 159.00 | 343.00 | NOTE | |
r-oldrel-macos-arm64 | 1.6.0.2 | 127.00 | NOTE | |||
r-oldrel-macos-x86_64 | 1.6.0.2 | 135.00 | NOTE | |||
r-oldrel-windows-ix86+x86_64 | 1.6.0.2 | 212.00 | 196.00 | 408.00 | NOTE |
Version: 1.6.0.2
Check: package dependencies
Result: NOTE
Package suggested but not available for checking: 'rPython'
Flavors: r-devel-linux-x86_64-debian-clang, r-devel-linux-x86_64-debian-gcc, r-devel-linux-x86_64-fedora-clang, r-devel-linux-x86_64-fedora-gcc, r-devel-windows-x86_64, r-patched-linux-x86_64, r-release-linux-x86_64, r-release-macos-arm64, r-release-macos-x86_64, r-release-windows-x86_64, r-oldrel-macos-arm64, r-oldrel-macos-x86_64, r-oldrel-windows-ix86+x86_64
Version: 1.6.0.2
Check: LazyData
Result: NOTE
'LazyData' is specified without a 'data' directory
Flavors: r-devel-linux-x86_64-debian-clang, r-devel-linux-x86_64-debian-gcc, r-devel-linux-x86_64-fedora-clang, r-devel-linux-x86_64-fedora-gcc, r-devel-windows-x86_64, r-patched-linux-x86_64, r-release-linux-x86_64, r-release-macos-arm64, r-release-macos-x86_64, r-release-windows-x86_64, r-oldrel-macos-arm64, r-oldrel-macos-x86_64, r-oldrel-windows-ix86+x86_64