Last updated on 2022-08-15 08:50:09 CEST.
Flavor | Version | Tinstall | Tcheck | Ttotal | Status | Flags |
---|---|---|---|---|---|---|
r-devel-linux-x86_64-debian-clang | 3.1.6 | 204.05 | 557.14 | 761.19 | OK | |
r-devel-linux-x86_64-debian-gcc | 3.1.6 | 176.38 | 403.26 | 579.64 | OK | |
r-devel-linux-x86_64-fedora-clang | 3.1.6 | 970.27 | NOTE | |||
r-devel-linux-x86_64-fedora-gcc | 3.1.6 | 1010.76 | OK | |||
r-devel-windows-x86_64 | 3.1.6 | 162.00 | 202.00 | 364.00 | NOTE | --no-vignettes |
r-patched-linux-x86_64 | 3.1.6 | 198.94 | 526.90 | 725.84 | OK | |
r-release-linux-x86_64 | 3.1.6 | 172.62 | 505.50 | 678.12 | OK | |
r-release-macos-arm64 | 3.1.6 | 247.00 | NOTE | |||
r-release-macos-x86_64 | 3.1.6 | 316.00 | NOTE | |||
r-release-windows-x86_64 | 3.1.6 | 175.00 | 271.00 | 446.00 | NOTE | --no-vignettes |
r-oldrel-macos-arm64 | 3.1.6 | 242.00 | NOTE | |||
r-oldrel-macos-x86_64 | 3.1.6 | 290.00 | NOTE | |||
r-oldrel-windows-ix86+x86_64 | 3.1.6 | 465.00 | 299.00 | 764.00 | NOTE | --no-vignettes |
Version: 3.1.6
Check: installed package size
Result: NOTE
installed size is 6.0Mb
sub-directories of 1Mb or more:
R 1.2Mb
doc 3.4Mb
Flavors: r-devel-linux-x86_64-fedora-clang, r-release-macos-arm64, r-release-macos-x86_64, r-oldrel-macos-arm64, r-oldrel-macos-x86_64
Version: 3.1.6
Flags: --no-vignettes
Check: package dependencies
Result: NOTE
Package suggested but not available for checking: 'doMC'
Flavors: r-devel-windows-x86_64, r-release-windows-x86_64, r-oldrel-windows-ix86+x86_64
Version: 3.1.6
Flags: --no-vignettes
Check: installed package size
Result: NOTE
installed size is 6.6Mb
sub-directories of 1Mb or more:
R 1.2Mb
doc 3.4Mb
libs 1.7Mb
Flavors: r-devel-windows-x86_64, r-release-windows-x86_64, r-oldrel-windows-ix86+x86_64