Last updated on 2022-08-15 08:50:09 CEST.
Flavor | Version | Tinstall | Tcheck | Ttotal | Status | Flags |
---|---|---|---|---|---|---|
r-devel-linux-x86_64-debian-clang | 0.11.0 | 2.99 | 38.33 | 41.32 | OK | |
r-devel-linux-x86_64-debian-gcc | 0.11.0 | 2.37 | 29.47 | 31.84 | OK | |
r-devel-linux-x86_64-fedora-clang | 0.11.0 | 61.32 | OK | |||
r-devel-linux-x86_64-fedora-gcc | 0.11.0 | 59.78 | OK | |||
r-devel-windows-x86_64 | 0.11.0 | 21.00 | 66.00 | 87.00 | WARN | |
r-patched-linux-x86_64 | 0.11.0 | 3.37 | 37.63 | 41.00 | OK | |
r-release-linux-x86_64 | 0.11.0 | 2.08 | 37.47 | 39.55 | OK | |
r-release-macos-arm64 | 0.11.0 | 21.00 | OK | |||
r-release-macos-x86_64 | 0.11.0 | 30.00 | OK | |||
r-release-windows-x86_64 | 0.11.0 | 30.00 | 70.00 | 100.00 | WARN | |
r-oldrel-macos-arm64 | 0.11.0 | 33.00 | OK | |||
r-oldrel-macos-x86_64 | 0.11.0 | 36.00 | OK | |||
r-oldrel-windows-ix86+x86_64 | 0.11.0 | 7.00 | 58.00 | 65.00 | OK |
Version: 0.11.0
Check: R files for syntax errors
Result: WARN
Warnings in file 'R/replace_special_characters_internal.R':
unable to translate '<U+00C4>' to native encoding
unable to translate '<U+00D6>' to native encoding
unable to translate '<U+00DC>' to native encoding
unable to translate '<U+00E4>' to native encoding
unable to translate '<U+00F6>' to native encoding
unable to translate '<U+00FC>' to native encoding
unable to translate '<U+00DF>' to native encoding
unable to translate '<U+00C6>' to native encoding
unable to translate '<U+00E6>' to native encoding
unable to translate '<U+00D8>' to native encoding
unable to translate '<U+00F8>' to native encoding
unable to translate '<U+00C5>' to native encoding
unable to translate '<U+00E5>' to native encoding
unable to translate '<U+00C6>' to native encoding
unable to translate '<U+00E6>' to native encoding
unable to translate '<U+00D8>' to native encoding
unable to translate '<U+00F8>' to native encoding
unable to translate '<U+00C6>' to native encoding
unable to translate '<U+00E6>' to native encoding
unable to translate '<U+00D8>' to native encoding
unable to translate '<U+00F8>' to native encoding
unable to translate '<U+00C5>' to native encoding
unable to translate '<U+00E5>' to native encoding
Flavors: r-devel-windows-x86_64, r-release-windows-x86_64