Last updated on 2022-08-15 08:50:09 CEST.
Flavor | Version | Tinstall | Tcheck | Ttotal | Status | Flags |
---|---|---|---|---|---|---|
r-devel-linux-x86_64-debian-clang | 0.1.2 | 2.21 | 22.31 | 24.52 | NOTE | |
r-devel-linux-x86_64-debian-gcc | 0.1.2 | 1.69 | 17.15 | 18.84 | NOTE | |
r-devel-linux-x86_64-fedora-clang | 0.1.2 | 41.18 | NOTE | |||
r-devel-linux-x86_64-fedora-gcc | 0.1.2 | 38.41 | NOTE | |||
r-devel-windows-x86_64 | 0.1.2 | 14.00 | 41.00 | 55.00 | NOTE | |
r-patched-linux-x86_64 | 0.1.2 | 2.29 | 21.40 | 23.69 | NOTE | |
r-release-linux-x86_64 | 0.1.2 | 1.66 | 21.62 | 23.28 | NOTE | |
r-release-macos-arm64 | 0.1.2 | 15.00 | NOTE | |||
r-release-macos-x86_64 | 0.1.2 | 20.00 | NOTE | |||
r-release-windows-x86_64 | 0.1.2 | 4.00 | 41.00 | 45.00 | NOTE | |
r-oldrel-macos-arm64 | 0.1.2 | 19.00 | NOTE | |||
r-oldrel-macos-x86_64 | 0.1.2 | 25.00 | NOTE | |||
r-oldrel-windows-ix86+x86_64 | 0.1.2 | 4.00 | 25.00 | 29.00 | NOTE |
Version: 0.1.2
Check: DESCRIPTION meta-information
Result: NOTE
Malformed Description field: should contain one or more complete sentences.
Flavors: r-devel-linux-x86_64-debian-clang, r-devel-linux-x86_64-debian-gcc, r-devel-linux-x86_64-fedora-clang, r-devel-linux-x86_64-fedora-gcc, r-devel-windows-x86_64, r-patched-linux-x86_64, r-release-linux-x86_64, r-release-macos-arm64, r-release-macos-x86_64, r-release-windows-x86_64, r-oldrel-macos-arm64, r-oldrel-macos-x86_64, r-oldrel-windows-ix86+x86_64