Last updated on 2022-08-15 08:50:09 CEST.
Flavor | Version | Tinstall | Tcheck | Ttotal | Status | Flags |
---|---|---|---|---|---|---|
r-devel-linux-x86_64-debian-clang | 0.0.1 | 2.13 | 48.79 | 50.92 | OK | |
r-devel-linux-x86_64-debian-gcc | 0.0.1 | 2.38 | 34.75 | 37.13 | OK | |
r-devel-linux-x86_64-fedora-clang | 0.0.1 | 70.78 | NOTE | |||
r-devel-linux-x86_64-fedora-gcc | 0.0.1 | 67.58 | NOTE | |||
r-devel-windows-x86_64 | 0.0.1 | 13.00 | 70.00 | 83.00 | OK | |
r-patched-linux-x86_64 | 0.0.1 | 2.92 | 45.10 | 48.02 | OK | |
r-release-linux-x86_64 | 0.0.1 | 2.88 | 44.38 | 47.26 | OK | |
r-release-macos-arm64 | 0.0.1 | 20.00 | NOTE | |||
r-release-macos-x86_64 | 0.0.1 | 38.00 | NOTE | |||
r-release-windows-x86_64 | 0.0.1 | 12.00 | 70.00 | 82.00 | OK | |
r-oldrel-macos-arm64 | 0.0.1 | 26.00 | NOTE | |||
r-oldrel-macos-x86_64 | 0.0.1 | 36.00 | NOTE | |||
r-oldrel-windows-ix86+x86_64 | 0.0.1 | 7.00 | 62.00 | 69.00 | OK |
Version: 0.0.1
Check: dependencies in R code
Result: NOTE
Namespaces in Imports field not imported from:
‘Rdpack’ ‘ggplot2’
All declared Imports should be used.
Flavors: r-devel-linux-x86_64-fedora-clang, r-devel-linux-x86_64-fedora-gcc, r-release-macos-arm64, r-release-macos-x86_64, r-oldrel-macos-arm64, r-oldrel-macos-x86_64