Last updated on 2022-08-15 08:50:09 CEST.
Flavor | Version | Tinstall | Tcheck | Ttotal | Status | Flags |
---|---|---|---|---|---|---|
r-devel-linux-x86_64-debian-clang | 0.4-4 | 2.32 | 26.33 | 28.65 | OK | |
r-devel-linux-x86_64-debian-gcc | 0.4-4 | 2.28 | 20.27 | 22.55 | OK | |
r-devel-linux-x86_64-fedora-clang | 0.4-4 | 46.29 | OK | |||
r-devel-linux-x86_64-fedora-gcc | 0.4-4 | 45.02 | OK | |||
r-devel-windows-x86_64 | 0.4-4 | 20.00 | 48.00 | 68.00 | OK | |
r-patched-linux-x86_64 | 0.4-4 | 2.67 | 25.91 | 28.58 | OK | |
r-release-linux-x86_64 | 0.4-4 | 2.36 | 25.56 | 27.92 | OK | |
r-release-macos-arm64 | 0.4-4 | 17.00 | NOTE | |||
r-release-macos-x86_64 | 0.4-4 | 23.00 | NOTE | |||
r-release-windows-x86_64 | 0.4-4 | 6.00 | 48.00 | 54.00 | OK | |
r-oldrel-macos-arm64 | 0.4-4 | 24.00 | NOTE | |||
r-oldrel-macos-x86_64 | 0.4-4 | 23.00 | NOTE | |||
r-oldrel-windows-ix86+x86_64 | 0.4-4 | 4.00 | 31.00 | 35.00 | OK |
Version: 0.4-4
Check: package dependencies
Result: NOTE
Package which this enhances but not available for checking: ‘Rmpi’
Flavors: r-release-macos-arm64, r-release-macos-x86_64, r-oldrel-macos-arm64, r-oldrel-macos-x86_64