Last updated on 2022-08-15 08:50:09 CEST.
Flavor | Version | Tinstall | Tcheck | Ttotal | Status | Flags |
---|---|---|---|---|---|---|
r-devel-linux-x86_64-debian-clang | 1.84-6.2 | 2.99 | 34.41 | 37.40 | OK | |
r-devel-linux-x86_64-debian-gcc | 1.84-6.2 | 2.80 | 26.80 | 29.60 | OK | |
r-devel-linux-x86_64-fedora-clang | 1.84-6.2 | 57.39 | OK | |||
r-devel-linux-x86_64-fedora-gcc | 1.84-6.2 | 56.54 | OK | |||
r-devel-windows-x86_64 | 1.84-6.2 | 29.00 | 69.00 | 98.00 | OK | |
r-patched-linux-x86_64 | 1.84-6.2 | 3.65 | 33.15 | 36.80 | OK | |
r-release-linux-x86_64 | 1.84-6.2 | 2.51 | 34.10 | 36.61 | OK | |
r-release-macos-arm64 | 1.84-6.2 | 21.00 | NOTE | |||
r-release-macos-x86_64 | 1.84-6.2 | 28.00 | NOTE | |||
r-release-windows-x86_64 | 1.84-6.2 | 4.00 | 68.00 | 72.00 | OK | |
r-oldrel-macos-arm64 | 1.84-6.2 | 21.00 | NOTE | |||
r-oldrel-macos-x86_64 | 1.84-6.2 | 29.00 | NOTE | |||
r-oldrel-windows-ix86+x86_64 | 1.84-6.2 | 7.00 | 53.00 | 60.00 | OK |
Version: 1.84-6.2
Check: package dependencies
Result: NOTE
Package suggested but not available for checking: ‘Rmpi’
Flavors: r-release-macos-arm64, r-release-macos-x86_64, r-oldrel-macos-arm64, r-oldrel-macos-x86_64