Last updated on 2022-08-15 08:50:09 CEST.
Flavor | Version | Tinstall | Tcheck | Ttotal | Status | Flags |
---|---|---|---|---|---|---|
r-devel-linux-x86_64-debian-clang | 1.0-20160527 | 2.85 | 30.68 | 33.53 | NOTE | |
r-devel-linux-x86_64-debian-gcc | 1.0-20160527 | 1.94 | 23.71 | 25.65 | NOTE | |
r-devel-linux-x86_64-fedora-clang | 1.0-20160527 | 51.68 | NOTE | |||
r-devel-linux-x86_64-fedora-gcc | 1.0-20160527 | 48.70 | NOTE | |||
r-devel-windows-x86_64 | 1.0-20160527 | 36.00 | 60.00 | 96.00 | NOTE | |
r-patched-linux-x86_64 | 1.0-20160527 | 2.86 | 29.97 | 32.83 | NOTE | |
r-release-linux-x86_64 | 1.0-20160527 | 2.92 | 29.35 | 32.27 | NOTE | |
r-release-macos-arm64 | 1.0-20160527 | 19.00 | NOTE | |||
r-release-macos-x86_64 | 1.0-20160527 | 24.00 | NOTE | |||
r-release-windows-x86_64 | 1.0-20160527 | 41.00 | 65.00 | 106.00 | NOTE | |
r-oldrel-macos-arm64 | 1.0-20160527 | 22.00 | NOTE | |||
r-oldrel-macos-x86_64 | 1.0-20160527 | 30.00 | NOTE | |||
r-oldrel-windows-ix86+x86_64 | 1.0-20160527 | 7.00 | 57.00 | 64.00 | NOTE |
Version: 1.0-20160527
Check: LazyData
Result: NOTE
'LazyData' is specified without a 'data' directory
Flavors: r-devel-linux-x86_64-debian-clang, r-devel-linux-x86_64-debian-gcc, r-devel-linux-x86_64-fedora-clang, r-devel-linux-x86_64-fedora-gcc, r-devel-windows-x86_64, r-patched-linux-x86_64, r-release-linux-x86_64, r-release-macos-arm64, r-release-macos-x86_64, r-release-windows-x86_64, r-oldrel-macos-arm64, r-oldrel-macos-x86_64, r-oldrel-windows-ix86+x86_64