Last updated on 2022-08-15 08:50:09 CEST.
Flavor | Version | Tinstall | Tcheck | Ttotal | Status | Flags |
---|---|---|---|---|---|---|
r-devel-linux-x86_64-debian-clang | 1.2.0 | 9.98 | 82.21 | 92.19 | OK | |
r-devel-linux-x86_64-debian-gcc | 1.2.0 | 6.83 | 60.39 | 67.22 | OK | |
r-devel-linux-x86_64-fedora-clang | 1.2.0 | 117.57 | NOTE | |||
r-devel-linux-x86_64-fedora-gcc | 1.2.0 | 110.66 | OK | |||
r-devel-windows-x86_64 | 1.2.0 | 59.00 | 143.00 | 202.00 | OK | |
r-patched-linux-x86_64 | 1.2.0 | 12.35 | 73.46 | 85.81 | OK | |
r-release-linux-x86_64 | 1.2.0 | 11.22 | 74.47 | 85.69 | OK | |
r-release-macos-arm64 | 1.2.0 | 36.00 | OK | |||
r-release-macos-x86_64 | 1.2.0 | 66.00 | OK | |||
r-release-windows-x86_64 | 1.2.0 | 65.00 | 143.00 | 208.00 | OK | |
r-oldrel-macos-arm64 | 1.2.0 | 37.00 | OK | |||
r-oldrel-macos-x86_64 | 1.2.0 | 78.00 | OK | |||
r-oldrel-windows-ix86+x86_64 | 1.2.0 | 20.00 | 115.00 | 135.00 | OK |
Version: 1.2.0
Check: Rd cross-references
Result: NOTE
Undeclared package ‘XML’ in Rd xrefs
Flavor: r-devel-linux-x86_64-fedora-clang