Last updated on 2022-08-15 08:50:09 CEST.
Flavor | Version | Tinstall | Tcheck | Ttotal | Status | Flags |
---|---|---|---|---|---|---|
r-devel-linux-x86_64-debian-clang | 4.1.7 | 110.31 | 181.73 | 292.04 | OK | --no-vignettes |
r-devel-linux-x86_64-debian-gcc | 4.1.7 | 92.30 | 134.33 | 226.63 | OK | --no-vignettes |
r-devel-linux-x86_64-fedora-clang | 4.1.7 | 374.58 | NOTE | --no-vignettes | ||
r-devel-linux-x86_64-fedora-gcc | 4.1.7 | 362.89 | OK | --no-vignettes | ||
r-devel-windows-x86_64 | 4.1.7 | 114.00 | 183.00 | 297.00 | NOTE | --no-vignettes |
r-patched-linux-x86_64 | 4.1.7 | 104.12 | 169.63 | 273.75 | OK | --no-vignettes |
r-release-linux-x86_64 | 4.1.7 | 88.27 | 167.84 | 256.11 | OK | --no-vignettes |
r-release-macos-arm64 | 4.1.7 | 155.00 | NOTE | |||
r-release-macos-x86_64 | 4.1.7 | 205.00 | NOTE | |||
r-release-windows-x86_64 | 4.1.7 | 111.00 | 189.00 | 300.00 | NOTE | --no-vignettes |
r-oldrel-macos-arm64 | 4.1.7 | 146.00 | NOTE | |||
r-oldrel-macos-x86_64 | 4.1.7 | 207.00 | NOTE | |||
r-oldrel-windows-ix86+x86_64 | 4.1.7 | 216.00 | 238.00 | 454.00 | NOTE | --no-vignettes |
Version: 4.1.7
Flags: --no-vignettes
Check: installed package size
Result: NOTE
installed size is 5.7Mb
sub-directories of 1Mb or more:
data 1.4Mb
doc 2.1Mb
libs 1.2Mb
Flavors: r-devel-linux-x86_64-fedora-clang, r-devel-windows-x86_64, r-release-windows-x86_64, r-oldrel-windows-ix86+x86_64
Version: 4.1.7
Check: installed package size
Result: NOTE
installed size is 14.4Mb
sub-directories of 1Mb or more:
data 1.4Mb
doc 2.1Mb
libs 9.9Mb
Flavors: r-release-macos-arm64, r-release-macos-x86_64, r-oldrel-macos-arm64, r-oldrel-macos-x86_64