Last updated on 2022-08-15 08:50:09 CEST.
Flavor | Version | Tinstall | Tcheck | Ttotal | Status | Flags |
---|---|---|---|---|---|---|
r-devel-linux-x86_64-debian-clang | 0.0.4 | 10.93 | 105.91 | 116.84 | NOTE | |
r-devel-linux-x86_64-debian-gcc | 0.0.4 | 9.32 | 77.78 | 87.10 | OK | |
r-devel-linux-x86_64-fedora-clang | 0.0.4 | 145.67 | NOTE | |||
r-devel-linux-x86_64-fedora-gcc | 0.0.4 | 160.65 | NOTE | |||
r-devel-windows-x86_64 | 0.0.4 | 170.00 | 130.00 | 300.00 | OK | |
r-patched-linux-x86_64 | 0.0.4 | 11.19 | 101.34 | 112.53 | NOTE | |
r-release-linux-x86_64 | 0.0.4 | 9.28 | 99.71 | 108.99 | OK | |
r-release-macos-arm64 | 0.0.4 | 38.00 | NOTE | |||
r-release-macos-x86_64 | 0.0.4 | 73.00 | NOTE | |||
r-release-windows-x86_64 | 0.0.4 | 188.00 | 138.00 | 326.00 | OK | |
r-oldrel-macos-arm64 | 0.0.4 | 43.00 | NOTE | |||
r-oldrel-macos-x86_64 | 0.0.4 | 79.00 | NOTE | |||
r-oldrel-windows-ix86+x86_64 | 0.0.4 | 25.00 | 121.00 | 146.00 | OK |
Version: 0.0.4
Check: package dependencies
Result: NOTE
Package suggested but not available for checking: 'av'
Flavors: r-devel-linux-x86_64-debian-clang, r-patched-linux-x86_64
Version: 0.0.4
Check: dependencies in R code
Result: NOTE
Namespace in Imports field not imported from: ‘methods’
All declared Imports should be used.
Flavors: r-devel-linux-x86_64-fedora-clang, r-devel-linux-x86_64-fedora-gcc, r-release-macos-arm64, r-release-macos-x86_64, r-oldrel-macos-arm64, r-oldrel-macos-x86_64