Last updated on 2022-08-15 08:50:09 CEST.
Flavor | Version | Tinstall | Tcheck | Ttotal | Status | Flags |
---|---|---|---|---|---|---|
r-devel-linux-x86_64-debian-clang | 0.4.0 | 5.72 | 69.44 | 75.16 | NOTE | |
r-devel-linux-x86_64-debian-gcc | 0.4.0 | 4.20 | 50.23 | 54.43 | NOTE | |
r-devel-linux-x86_64-fedora-clang | 0.4.0 | 96.80 | NOTE | |||
r-devel-linux-x86_64-fedora-gcc | 0.4.0 | 93.54 | NOTE | |||
r-devel-windows-x86_64 | 0.4.0 | 88.00 | 94.00 | 182.00 | NOTE | |
r-patched-linux-x86_64 | 0.4.0 | 5.48 | 63.04 | 68.52 | NOTE | |
r-release-linux-x86_64 | 0.4.0 | 5.48 | 64.55 | 70.03 | NOTE | |
r-release-macos-arm64 | 0.4.0 | 26.00 | NOTE | |||
r-release-macos-x86_64 | 0.4.0 | 48.00 | NOTE | |||
r-release-windows-x86_64 | 0.4.0 | 59.00 | 92.00 | 151.00 | NOTE | |
r-oldrel-macos-arm64 | 0.4.0 | 26.00 | NOTE | |||
r-oldrel-macos-x86_64 | 0.4.0 | 46.00 | NOTE | |||
r-oldrel-windows-ix86+x86_64 | 0.4.0 | 10.00 | 89.00 | 99.00 | NOTE |
Version: 0.4.0
Check: LazyData
Result: NOTE
'LazyData' is specified without a 'data' directory
Flavors: r-devel-linux-x86_64-debian-clang, r-devel-linux-x86_64-debian-gcc, r-devel-linux-x86_64-fedora-clang, r-devel-linux-x86_64-fedora-gcc, r-devel-windows-x86_64, r-patched-linux-x86_64, r-release-linux-x86_64, r-release-macos-arm64, r-release-macos-x86_64, r-release-windows-x86_64, r-oldrel-macos-arm64, r-oldrel-macos-x86_64, r-oldrel-windows-ix86+x86_64