Last updated on 2022-08-15 08:50:09 CEST.
Flavor | Version | Tinstall | Tcheck | Ttotal | Status | Flags |
---|---|---|---|---|---|---|
r-devel-linux-x86_64-debian-clang | 2.5.1 | 21.85 | 414.87 | 436.72 | OK | |
r-devel-linux-x86_64-debian-gcc | 2.5.1 | 18.66 | 296.08 | 314.74 | OK | |
r-devel-linux-x86_64-fedora-clang | 2.5.2 | 536.45 | NOTE | |||
r-devel-linux-x86_64-fedora-gcc | 2.5.2 | 553.11 | OK | |||
r-devel-windows-x86_64 | 2.5.1 | 65.00 | 337.00 | 402.00 | NOTE | |
r-patched-linux-x86_64 | 2.5.1 | 30.54 | 392.73 | 423.27 | OK | |
r-release-linux-x86_64 | 2.5.1 | 21.89 | 383.31 | 405.20 | OK | |
r-release-macos-arm64 | 2.5.2 | 160.00 | NOTE | |||
r-release-macos-x86_64 | 2.5.1 | 308.00 | NOTE | |||
r-release-windows-x86_64 | 2.5.1 | 195.00 | 528.00 | 723.00 | NOTE | |
r-oldrel-macos-arm64 | 2.5.2 | 143.00 | NOTE | |||
r-oldrel-macos-x86_64 | 2.5.1 | 240.00 | NOTE | |||
r-oldrel-windows-ix86+x86_64 | 2.5.1 | 42.00 | 499.00 | 541.00 | NOTE |
Version: 2.5.2
Check: installed package size
Result: NOTE
installed size is 7.5Mb
sub-directories of 1Mb or more:
doc 5.1Mb
Flavors: r-devel-linux-x86_64-fedora-clang, r-release-macos-arm64, r-oldrel-macos-arm64
Version: 2.5.1
Check: installed package size
Result: NOTE
installed size is 7.4Mb
sub-directories of 1Mb or more:
doc 5.0Mb
Flavors: r-devel-windows-x86_64, r-release-macos-x86_64, r-release-windows-x86_64, r-oldrel-macos-x86_64, r-oldrel-windows-ix86+x86_64