Last updated on 2022-08-15 08:50:09 CEST.
Flavor | Version | Tinstall | Tcheck | Ttotal | Status | Flags |
---|---|---|---|---|---|---|
r-devel-linux-x86_64-debian-clang | 1.1 | 234.17 | 92.29 | 326.46 | OK | |
r-devel-linux-x86_64-debian-gcc | 1.1 | 198.09 | 69.84 | 267.93 | OK | |
r-devel-linux-x86_64-fedora-clang | 1.1 | 486.88 | OK | |||
r-devel-linux-x86_64-fedora-gcc | 1.1 | 449.42 | OK | |||
r-devel-windows-x86_64 | 1.1 | 178.00 | 137.00 | 315.00 | OK | |
r-patched-linux-x86_64 | 1.1 | 204.83 | 88.93 | 293.76 | OK | |
r-release-linux-x86_64 | 1.1 | 220.31 | 88.51 | 308.82 | OK | |
r-release-macos-arm64 | 1.1 | 108.00 | NOTE | |||
r-release-macos-x86_64 | 1.1 | 142.00 | NOTE | |||
r-release-windows-x86_64 | 1.1 | 178.00 | 137.00 | 315.00 | OK | |
r-oldrel-macos-arm64 | 1.1 | 125.00 | NOTE | |||
r-oldrel-macos-x86_64 | 1.1 | 203.00 | NOTE | |||
r-oldrel-windows-ix86+x86_64 | 1.1 | 604.00 | 151.00 | 755.00 | NOTE |
Version: 1.1
Check: installed package size
Result: NOTE
installed size is 13.5Mb
sub-directories of 1Mb or more:
data 3.1Mb
libs 9.9Mb
Flavors: r-release-macos-arm64, r-release-macos-x86_64, r-oldrel-macos-arm64, r-oldrel-macos-x86_64, r-oldrel-windows-ix86+x86_64