Last updated on 2022-08-15 08:50:09 CEST.
Flavor | Version | Tinstall | Tcheck | Ttotal | Status | Flags |
---|---|---|---|---|---|---|
r-devel-linux-x86_64-debian-clang | 1.1.6 | 521.11 | 97.24 | 618.35 | OK | |
r-devel-linux-x86_64-debian-gcc | 1.1.6 | 426.99 | 72.66 | 499.65 | OK | |
r-devel-linux-x86_64-fedora-clang | 1.1.6 | 842.90 | OK | |||
r-devel-linux-x86_64-fedora-gcc | 1.1.6 | 898.38 | OK | |||
r-devel-windows-x86_64 | 1.1.6 | 347.00 | 149.00 | 496.00 | OK | |
r-patched-linux-x86_64 | 1.1.6 | 358.61 | 93.28 | 451.89 | OK | |
r-release-linux-x86_64 | 1.1.6 | 335.10 | 95.17 | 430.27 | OK | |
r-release-macos-arm64 | 1.1.6 | 219.00 | NOTE | |||
r-release-macos-x86_64 | 1.1.6 | 242.00 | NOTE | |||
r-release-windows-x86_64 | 1.1.6 | 350.00 | 149.00 | 499.00 | OK | |
r-oldrel-macos-arm64 | 1.1.6 | 217.00 | NOTE | |||
r-oldrel-macos-x86_64 | 1.1.6 | 241.00 | NOTE | |||
r-oldrel-windows-ix86+x86_64 | 1.1.6 | 1128.00 | 203.00 | 1331.00 | NOTE |
Version: 1.1.6
Check: installed package size
Result: NOTE
installed size is 23.3Mb
sub-directories of 1Mb or more:
libs 22.5Mb
Flavors: r-release-macos-arm64, r-release-macos-x86_64, r-oldrel-macos-arm64, r-oldrel-macos-x86_64, r-oldrel-windows-ix86+x86_64