Last updated on 2022-08-15 08:50:09 CEST.
Flavor | Version | Tinstall | Tcheck | Ttotal | Status | Flags |
---|---|---|---|---|---|---|
r-devel-linux-x86_64-debian-clang | 0.2.2 | 102.09 | 332.14 | 434.23 | OK | |
r-devel-linux-x86_64-debian-gcc | 0.2.2 | 89.23 | 246.12 | 335.35 | OK | |
r-devel-linux-x86_64-fedora-clang | 0.2.2 | 522.56 | OK | |||
r-devel-linux-x86_64-fedora-gcc | 0.2.2 | 562.21 | OK | |||
r-devel-windows-x86_64 | 0.2.2 | 79.00 | 337.00 | 416.00 | OK | |
r-patched-linux-x86_64 | 0.2.2 | 100.78 | 316.43 | 417.21 | OK | |
r-release-linux-x86_64 | 0.2.2 | 98.87 | 317.50 | 416.37 | OK | |
r-release-macos-arm64 | 0.2.2 | 113.00 | NOTE | |||
r-release-macos-x86_64 | 0.2.2 | 162.00 | NOTE | |||
r-release-windows-x86_64 | 0.2.2 | 85.00 | 342.00 | 427.00 | OK | |
r-oldrel-macos-arm64 | 0.2.2 | 93.00 | NOTE | |||
r-oldrel-macos-x86_64 | 0.2.2 | 143.00 | NOTE | |||
r-oldrel-windows-ix86+x86_64 | 0.2.2 | 222.00 | 432.00 | 654.00 | OK |
Version: 0.2.2
Check: installed package size
Result: NOTE
installed size is 24.4Mb
sub-directories of 1Mb or more:
libs 24.1Mb
Flavors: r-release-macos-arm64, r-release-macos-x86_64, r-oldrel-macos-arm64, r-oldrel-macos-x86_64