Last updated on 2022-08-15 08:50:09 CEST.
Flavor | Version | Tinstall | Tcheck | Ttotal | Status | Flags |
---|---|---|---|---|---|---|
r-devel-linux-x86_64-debian-clang | 0.4.3.2 | 240.91 | 377.36 | 618.27 | OK | |
r-devel-linux-x86_64-debian-gcc | 0.4.3.2 | 197.25 | 276.33 | 473.58 | OK | |
r-devel-linux-x86_64-fedora-clang | 0.4.3.2 | 775.59 | NOTE | |||
r-devel-linux-x86_64-fedora-gcc | 0.4.3.2 | 782.65 | OK | |||
r-devel-windows-x86_64 | 0.4.3.2 | 629.00 | 557.00 | 1186.00 | NOTE | |
r-patched-linux-x86_64 | 0.4.3.2 | 213.66 | 343.94 | 557.60 | OK | |
r-release-linux-x86_64 | 0.4.3.2 | 217.93 | 333.75 | 551.68 | OK | |
r-release-macos-arm64 | 0.4.3.2 | 244.00 | NOTE | |||
r-release-macos-x86_64 | 0.4.3.2 | 304.00 | NOTE | |||
r-release-windows-x86_64 | 0.4.3.2 | 568.00 | 661.00 | 1229.00 | NOTE | |
r-oldrel-macos-arm64 | 0.4.3.2 | 260.00 | NOTE | |||
r-oldrel-macos-x86_64 | 0.4.3.2 | 330.00 | NOTE | |||
r-oldrel-windows-ix86+x86_64 | 0.4.3.2 | 567.00 | 881.00 | 1448.00 | NOTE |
Version: 0.4.3.2
Check: installed package size
Result: NOTE
installed size is 6.1Mb
sub-directories of 1Mb or more:
doc 1.1Mb
extdata 2.6Mb
Flavors: r-devel-linux-x86_64-fedora-clang, r-devel-windows-x86_64, r-release-macos-arm64, r-release-macos-x86_64, r-release-windows-x86_64, r-oldrel-macos-arm64, r-oldrel-macos-x86_64, r-oldrel-windows-ix86+x86_64